V/Λ SELECT: Month and Year
OR > Month
Monthly Climatological Summary for Feb 2023
Name: Etosha King Nehale Lodge City: Omuthiya State: Oshikoto
Elevation: 1085 m Lat: S 18° 29' 36" Lon: E 016° 43' 40"
Temperature (°C), Rain (mm), Wind Speed (km/h)
Heat Cool Avg
Mean Deg Deg Wind Dom
Day Temp High Time Low Time Days Days Rain Speed High Time Dir
----------------------------------------------------------------------------------
01 23.8 30.3 15:56 20.4 06:39 0.0 5.5 0.2 1.9 21.0 17:46 S
02 26.4 33.2 17:35 21.0 05:46 0.0 8.1 0.0 2.2 26.0 17:37 SW
03 25.0 33.8 13:38 20.9 06:17 0.0 6.7 1.0 5.0 31.0 15:47 ENE
04 25.9 32.7 16:41 20.4 06:45 0.0 7.6 0.6 2.6 19.0 10:56 WSW
05 22.8 32.1 11:48 19.9 21:30 0.0 4.5 16.8 2.7 19.0 13:21 ESE
06 24.6 31.2 16:33 19.4 03:39 0.0 6.3 0.2 1.5 14.0 11:44 NNE
07 21.4 28.9 16:38 17.3 06:18 0.1 3.2 36.2 3.7 35.0 00:57 SSE
08 24.7 33.0 14:23 19.7 03:56 0.0 6.4 0.0 1.5 16.0 13:57 NW
09 25.6 33.2 17:29 19.3 06:03 0.0 7.3 1.8 3.2 24.0 03:25 SW
10 26.0 34.2 17:25 18.8 06:39 0.0 7.7 1.2 2.7 24.0 00:32 SSW
11 27.8 35.9 17:00 21.3 06:45 0.0 9.5 0.0 2.7 21.0 02:38 WSW
12 27.3 36.4 15:40 18.6 06:17 0.0 8.9 0.0 2.2 21.0 00:48 SW
13 28.5 37.1 15:39 18.3 07:09 0.0 10.2 0.0 ---- 55.0 20:47 SE
14 28.1 38.4 16:00 18.1 06:31 0.0 9.8 0.0 ---- 23.0 11:32 SE
15 27.2 37.7 16:00 17.3 06:06 0.0 8.9 0.0 ---- 26.0 13:26 SSE
16 25.9 36.4 16:08 14.7 06:48 0.4 8.1 0.0 ---- 24.0 16:07 WSW
17 24.0 34.8 15:33 12.9 04:43 0.9 6.7 0.0 ---- 26.0 13:46 WSW
18 22.8 34.6 15:35 11.3 05:15 1.5 5.9 0.0 ---- 23.0 13:08 WNW
19 24.0 35.2 16:12 13.1 05:15 0.9 6.6 0.0 ---- 26.0 14:03 W
20 23.6 34.3 16:00 11.9 06:07 1.0 6.4 0.0 ---- 32.0 14:39 WNW
21 25.1 36.9 15:49 12.2 06:36 1.1 7.9 0.0 ---- 23.0 13:25 WSW
22 25.8 38.3 15:48 13.4 06:35 1.0 8.4 0.0 ---- 21.0 15:04 ESE
23 26.1 36.7 15:04 18.2 04:37 0.0 7.8 0.0 ---- 51.0 15:46 ENE
24 27.8 36.3 14:49 20.9 02:13 0.0 9.5 0.2 ---- 26.0 06:04 ENE
25 28.2 37.8 16:19 19.4 06:50 0.0 9.9 0.0 ---- 27.0 14:38 SE
26 27.8 37.6 16:08 18.8 07:11 0.0 9.5 0.4 ---- 39.0 19:41 E
27 28.5 38.0 16:19 20.2 06:09 0.0 10.2 0.0 ---- 26.0 18:52 NNW
28 27.5 36.2 14:36 21.3 07:12 0.0 9.2 0.0 ---- 19.0 23:00 NNW
----------------------------------------------------------------------------------
25.8 38.4 14 11.3 18 6.9 216.7 58.6 2.7 55.0 13 SSW
Max >= 27.0 28
Max <= 0.0 0
Min <= 0.0 0
Min <= -18.0 0
Max Rain: 36.2 on day 7
Days of Rain: 10 (>= 0.2 mm) 2 (>= 2.0 mm) 1 (>= 20.0 mm)
Heat Base: 18.3 Cool Base: 18.3 Method: Integration