NOAA-Style Climate Reports

Select a Year or Month report
2017: Jan Feb Mar Apr May Jun Jul Aug Sep Oct Nov Dec
2016: Jan Feb Mar Apr May Jun Jul Aug Sep Oct Nov Dec
2015: Jan Feb Mar Apr May Jun Jul Aug Sep Oct Nov Dec
2014: Jan Feb Mar Apr May Jun Jul Aug Sep Oct Nov Dec

Report for 2016 May
                   MONTHLY CLIMATOLOGICAL SUMMARY for APR. 2016

NAME: Sterreprag   CITY: Helmeringhausen   STATE: Namibia 
ELEV:  1283 m  LAT:  26° 01' 02" S  LONG:  16° 54' 04" E

                   TEMPERATURE (°C), RAIN  (mm), WIND SPEED (km/hr)

                                      HEAT  COOL        AVG
    MEAN                              DEG   DEG         WIND                 DOM
DAY TEMP  HIGH   TIME   LOW    TIME   DAYS  DAYS  RAIN  SPEED HIGH   TIME    DIR
------------------------------------------------------------------------------------
 1  19.1  27.3   15:05  11.1    6:55   1.9   2.7   0.0   8.2  38.6   14:35   WSW
 2  19.3  29.7   17:10   7.3    6:45   2.7   3.7   0.0   5.3  32.2   19:05   ESE
 3  22.9  33.3   14:20  11.4    6:30   1.4   6.0   0.0   7.2  40.2   12:00   SSW
 4  25.3  31.8   11:45  19.9    5:35   0.0   7.0   0.0   6.9  33.8   17:15   WSW
 5  21.3  28.7   15:05  14.8    5:30   0.5   3.5   0.0  11.7  40.2   19:20     S
 6  20.9  28.0   16:05  11.8    6:05   1.2   3.8   0.0   8.2  38.6    9:55     E
 7  23.6  32.7   14:05  13.1    5:40   0.7   6.0   0.0   8.7  41.8   16:00   WSW
 8  23.0  32.4   13:25  13.7    5:45   0.8   5.5   0.0   8.0  41.8   13:10   WSW
 9  22.6  29.7   14:55  13.9    6:10   0.5   4.9   0.0   5.5  25.7   16:35     E
10  24.8  32.4   14:25  15.6    6:10   0.2   6.7   0.0   4.7  24.1   18:00   ENE
11  25.6  34.1   14:55  18.2    2:00   0.0   7.3   0.0   6.4  37.0   15:45    NE
12  25.2  33.4   14:20  16.0    5:15   0.2   7.0   0.0   5.6  40.2   12:25   WSW
13  24.7  33.1   15:15  15.8    6:15   0.3   6.3   0.0   4.0  33.8   19:06   WSW
14  25.1  32.9   15:45  15.6    6:15   0.3   7.1   0.0   4.7  30.6   14:30   WSW
15  25.2  32.6   14:35  15.9    6:05   0.2   7.2   0.0   6.0  37.0   12:15    NE
16  25.1  31.8   15:10  18.3    2:40   0.0   6.8   0.0   6.0  41.8   10:55    NE
17  24.5  32.0   14:15  16.6    4:10   0.2   6.4   0.0   6.4  33.8   13:25   NNW
18  23.3  31.9   11:50  15.1    6:05   0.5   5.5   0.2   4.7  51.5   12:55   WSW
19  24.1  31.1   13:05  17.7    6:10   0.0   5.8   3.2   7.2  53.1   14:10   NNW
20  20.4  26.6   14:00  15.4    7:35   0.5   2.5   8.2   9.7  56.3   14:50   WNW
21  18.6  25.3   11:30  12.3    6:00   1.8   2.1   0.0   6.3  30.6   11:15   NNW
22  17.6  26.2   12:20   9.6    6:00   2.9   2.2   0.0   6.6  37.0   13:05   WSW
23  18.0  27.6   15:40   7.9    5:10   3.0   2.7   0.0   3.9  24.1   17:05     E
24  21.8  32.3   13:50  10.4    5:35   1.7   5.2   0.0   7.9  70.8   12:40   WSW
25  23.0  32.2   12:40  13.4    6:20   0.7   5.4   0.0   9.3  32.2   11:00     S
26  19.9  28.1   15:40  11.4    6:05   1.5   3.1   0.0   6.3  29.0    0:05   ENE
27  23.1  32.2   14:20  13.2    4:45   1.0   5.8   0.0   3.7  25.7   12:10   SSW
28  23.3  31.7   12:40  13.3    5:45   0.7   5.8   0.0   6.0  37.0   12:40   WSW
29  20.4  28.2   13:50  12.2    6:30   1.3   3.3   0.0   5.1  30.6   13:25   WSW
30  17.2  24.1   16:05   9.9    5:30   2.5   1.4   0.0   6.9  25.7   16:10     S
-------------------------------------------------------------------------------------
    22.3  34.1    11     7.3     2    29.4 148.8  11.6   6.6  70.8    24     WSW

Max >=  32.0: 13
Max <=   0.0:  0
Min <=   0.0:  0
Min <= -18.0:  0
Max Rain: 8.20 ON 20/04/16
Days of Rain: 3 (> .2 mm) 2 (> 2 mm) 0 (> 20 mm)
Heat Base:  18.3  Cool Base:  18.3  Method: Integration