NOAA-Style Climate Reports

Select a Year or Month report
2017: Jan Feb Mar Apr May Jun Jul Aug Sep Oct Nov Dec
2016: Jan Feb Mar Apr May Jun Jul Aug Sep Oct Nov Dec
2015: Jan Feb Mar Apr May Jun Jul Aug Sep Oct Nov Dec
2014: Jan Feb Mar Apr May Jun Jul Aug Sep Oct Nov Dec

Report for 2016 October
                   MONTHLY CLIMATOLOGICAL SUMMARY for OCT. 2016

NAME: Sterreprag   CITY: Helmeringhausen   STATE: Namibia 
ELEV:  1283 m  LAT:  26° 01' 02" S  LONG:  16° 54' 04" E

                   TEMPERATURE (°C), RAIN  (mm), WIND SPEED (km/hr)

                                      HEAT  COOL        AVG
    MEAN                              DEG   DEG         WIND                 DOM
DAY TEMP  HIGH   TIME   LOW    TIME   DAYS  DAYS  RAIN  SPEED HIGH   TIME    DIR
------------------------------------------------------------------------------------
 1  19.8  27.6   14:55  10.9    5:30   1.5   2.9   0.0   8.5  35.4   18:20   SSE
 2  19.1  27.6   15:10   8.9    5:25   2.2   2.9   0.0   6.6  35.4   12:05     E
 3  20.7  30.2   16:45   8.6    5:45   2.1   4.5   0.0   7.2  35.4   14:05   ENE
 4  23.4  33.2   14:15   9.7    5:25   1.5   6.6   0.0   6.4  48.3   15:50   WSW
 5  23.4  33.1   13:10  12.2    5:30   1.0   6.1   0.0   7.7  45.1   13:00   WSW
 6  22.8  31.6   12:45  14.7   00:00   0.3   4.8   0.0   8.4  40.2   13:05   WSW
 7  19.6  29.1   13:15   9.3    5:05   1.9   3.2   0.0   7.6  35.4   13:15   WSW
 8  17.6  23.2   12:05   9.2   00:00   1.9   1.2   0.0  10.9  59.5   12:00   WSW
 9  16.0  26.8   15:40   4.5    5:25   4.5   2.2   0.0   7.9  33.8   18:30    NE
10  21.8  32.0   13:50  10.9    3:40   1.5   4.9   0.0   9.5  37.0    9:30   NNW
11  21.6  30.1   16:20  10.8    5:15   1.1   4.4   0.0   7.2  33.8   18:00     S
12  20.9  29.3   15:05  11.3    5:30   1.5   4.1  25.6   9.5 212.4   17:10   ESE
13  16.0  18.2    0:05  13.7    2:20   0.2   0.0   0.0   1.6   8.0    0:05   SSE
14
15
16
17  27.3  31.8   14:15  23.2   00:00   0.0   4.3   0.0   8.5  53.1   14:45   WSW
18  22.4  28.8   14:15  17.8   00:00   0.0   4.2   0.0  10.3  77.2   14:15   WSW
19  21.8  32.0   16:00  11.3    6:30   1.2   4.7   0.0   7.2  40.2   13:15     S
20  20.8  29.4   14:15  12.8    6:00   1.0   3.5   0.0   8.0  38.6   14:00    NW
21  21.6  32.7   14:45  10.8    5:30   1.6   4.9   0.0   7.2  37.0   15:15   WSW
22  21.1  30.3   16:00  12.1    5:30   1.3   4.1   0.0   6.0  25.7   14:30   SSW
23  22.1  30.9   15:15  11.2    3:30   1.5   5.2   0.0   6.8  37.0   16:00   SSW
24  23.3  33.2   17:00  11.4    6:00   0.9   5.9   0.0   7.6  32.2   16:30    SW
25  25.2  34.4   16:45  12.9    6:15   0.5   7.4   0.0   5.5  30.6   11:15   SSW
26  27.2  37.9   15:45  14.8    6:30   0.2   9.1   0.0   6.1  33.8   18:30   SSW
27  27.4  37.5   17:00  15.4    6:15   0.1   9.3   0.0   9.0  41.8   13:30     S
28  27.4  35.7   15:45  17.7    6:45   0.0   8.7   0.0   9.3  37.0   19:30   SSE
29  25.6  33.0   16:00  19.4    7:00   0.0   7.3   0.0  12.2  33.8   15:30     S
30  27.8  37.1   13:45  17.1    5:00   0.1   9.6   0.0   9.8  53.1   13:15   ENE
31  27.3  36.7   15:30  16.6    6:30   0.1   9.1   0.0   9.0  41.8   16:30    SW
-------------------------------------------------------------------------------------
    22.5  37.9    26     4.5     9    29.7 145.0  25.6   7.9 212.4    12     WSW

Max >=  32.0: 13
Max <=   0.0:  0
Min <=   0.0:  0
Min <= -18.0:  0
Max Rain: 25.60 ON 12/10/16
Days of Rain: 1 (> .2 mm) 1 (> 2 mm) 1 (> 20 mm)
Heat Base:  18.3  Cool Base:  18.3  Method: Integration