NOAA-style Climate Reports

   V/Λ SELECT: Month and Year   OR  >   Month
V/Λ2022 > Jan Feb Mar Apr May Jun Jul Aug Sep Oct Nov Dec
V/Λ2021 > Jan Feb Mar Apr May Jun Jul Aug Sep Oct Nov Dec
V/Λ2020 > Jan Feb Mar Apr May Jun Jul Aug Sep Oct Nov Dec
                   Monthly Climatological Summary for Aug 2021

Name: Klein-Aus Vista   City: Aus   State: Karas
Elevation: 1480 m  Lat: S 26° 39' 07"   Lon: E 016° 14' 33"

                  Temperature (°C), Rain (mm), Wind Speed (km/h)

                                      Heat  Cool        Avg
    Mean                              Deg   Deg         Wind                 Dom
Day Temp  High   Time   Low    Time   Days  Days  Rain  Speed High   Time    Dir
----------------------------------------------------------------------------------
01  18.3  24.8   15:54  12.2   23:54   1.5   1.5   0.0  16.7  51.5   04:54   ESE
02  17.2  23.2   15:28  11.4   01:15   2.4   1.2   0.0  15.2  41.8   10:34   ENE
03  16.8  23.4   15:15  10.7   06:23   2.8   1.3   0.0  13.9  48.3   12:40    NW
04  14.0  19.7   14:34   7.5   23:56   4.6   0.2   0.0   9.6  38.6   14:06    SW
05  12.7  20.3   13:58   5.4   06:50   6.0   0.4   0.0  14.2  49.9   14:59     W
06  14.6  21.1   15:59   8.6   23:37   4.2   0.5   0.0  14.1  43.5   12:09    NW
07  16.0  26.7   14:51   7.3   07:22   4.4   2.1   0.0  10.6  33.8   17:14   SSW
08  13.8  19.6   12:15   7.8   23:54   4.5   0.1   0.0   9.5  33.8   12:37     W
09   9.8  16.8   16:07   4.7   04:32   8.5   0.0   0.0  25.7  67.6   20:19   ESE
10  14.3  22.9   17:26   7.6   05:50   4.8   0.8   0.0  26.1  70.8   00:49   ENE
11  11.9  15.9   12:34   6.4   23:54   6.4   0.0   0.0  12.4  37.0   12:49     W
12   8.1  15.8   15:03   1.8   05:50  10.2   0.0   0.0  23.3  61.2   18:06    SE
13   8.1  12.6   15:19   3.3   07:25  10.2   0.0   0.0  35.1  64.4   10:50   ESE
14  10.2  16.8   16:24   4.3   07:48   8.1   0.0   0.0  28.9  53.1   10:03     E
15  16.3  24.6   15:13  10.8   00:00   3.3   1.3   0.0  17.9  45.1   07:34   ENE
16  16.9  22.7   12:30  10.4   23:50   2.2   0.8   0.0  21.7  56.3   12:35    NW
17  11.6  17.3   12:28   6.6   05:16   6.7   0.0   0.0  10.1  37.0   12:17     W
18   9.3  16.9   16:21   2.1   07:35   9.0   0.0   0.0   9.0  32.2   18:46     S
19   8.8  16.8   15:08   3.3   07:44   9.5   0.0   0.2  19.1  48.3   18:37    SE
20  10.3  16.8   14:12   5.3   05:34   8.0   0.0   0.0  18.5  37.0   01:08   ESE
21   9.1  16.2   13:35   2.8   07:19   9.2   0.0   0.0  22.5  57.9   17:07    SE
22  12.6  19.7   15:37   6.1   06:48   5.8   0.1   0.0  23.5  48.3   09:31   ESE
23  14.9  22.3   13:05   8.5   23:40   4.1   0.6   0.0  15.5  37.0   11:50    SE
24  14.8  21.9   16:24   6.8   05:36   4.2   0.7   0.0  21.3  43.5   09:40   ESE
25  16.2  24.7   12:37   6.8   21:05   2.9   0.9   0.0  19.0  41.8   01:30     E
26  11.2  18.9   12:32   4.8   06:55   7.1   0.0   0.0   8.7  35.4   17:20     W
27   4.5   7.7   13:02   0.6   23:58  13.8   0.0   2.8  18.2  49.9   14:47   SSW
28   4.5  10.4   15:21  -2.0   07:07  13.7   0.0   0.0  36.1  82.1   13:21   ESE
29  11.3  21.2   16:37   3.8   06:49   7.3   0.3   0.0  17.4  53.1   01:53    SE
30  14.2  24.2   16:14   5.3   05:29   5.5   1.5   0.0   9.9  24.1   13:38   SSE
31  16.5  27.2   16:20   6.2   05:45   4.1   2.3   0.0  16.5  35.4   17:58   ESE
----------------------------------------------------------------------------------
    12.5  27.2    31    -2.0    28   195.0  16.6   3.0  18.1  82.1    28     ESE

Max >=  27.0  1
Max <=   0.0  0
Min <=   0.0  1
Min <= -18.0  0
Max Rain: 2.8 on day 27
Days of Rain: 2 (>= 0.2 mm)  1 (>= 2.0 mm)  0 (>= 20.0 mm)
Heat Base: 18.3  Cool Base: 18.3  Method: Integration

Powered by  Davis Vantage Pro2  and   CumulusMX  v3.9.2 (b3097)    Valid HTML5