V/Λ SELECT: Month and Year
OR > Month
Monthly Climatological Summary for Jul 2020
Name: Etosha King Nehale Lodge City: Omuthiya State: Oshikoto
Elevation: 1085 m Lat: S 18° 29' 36" Lon: E 016° 43' 40"
Temperature (°C), Rain (mm), Wind Speed (km/h)
Heat Cool Avg
Mean Deg Deg Wind Dom
Day Temp High Time Low Time Days Days Rain Speed High Time Dir
----------------------------------------------------------------------------------
17 23.8 24.3 15:05 23.7 14:50 0.0 21.6 0.0 ---- 30.6 14:50 WSW
18 16.4 24.9 16:29 9.1 23:24 1.2 0.6 0.0 4.2 37.0 15:43 E
19 15.1 26.1 15:43 4.9 07:24 5.1 1.9 0.0 6.3 30.6 11:57 E
20 15.3 25.8 16:05 4.2 07:10 5.0 2.1 0.0 5.4 29.0 11:45 E
21 16.1 26.5 15:11 5.7 06:34 4.5 2.4 0.0 4.7 25.7 12:00 E
22 15.8 26.7 15:57 5.3 07:18 4.9 2.3 0.0 5.0 27.4 13:10 E
23 15.9 26.2 15:12 6.3 07:30 4.6 2.2 0.0 6.3 37.0 14:35 E
24 15.1 25.9 15:18 4.6 06:57 5.1 2.0 0.0 6.6 30.6 10:45 E
25 15.5 25.8 16:25 5.6 07:27 4.8 2.0 0.0 2.5 25.7 09:58 E
26 17.2 27.2 14:15 8.1 06:01 3.6 2.5 0.0 ---- 27.4 09:22 E
27 17.4 27.2 15:24 7.7 07:08 3.5 2.6 0.0 ---- 30.6 09:38 E
28 17.0 27.9 15:54 6.6 07:25 4.0 2.8 0.0 ---- 24.1 13:04 ENE
29 16.8 28.0 16:25 5.4 07:19 4.2 2.6 0.0 ---- 20.9 11:01 E
30 17.4 28.0 14:56 6.7 05:52 3.9 3.0 0.0 ---- 32.2 14:10 E
31 17.6 28.6 15:01 6.1 07:25 3.7 3.0 0.0 ---- 32.2 12:11 E
----------------------------------------------------------------------------------
16.8 28.6 31 4.2 20 58.1 53.6 0.0 5.6 37.0 18 E
Max >= 27.0 6
Max <= 0.0 0
Min <= 0.0 0
Min <= -18.0 0
Max Rain: 0.0 on day 0
Days of Rain: 0 (>= 0.2 mm) 0 (>= 2.0 mm) 0 (>= 20.0 mm)
Heat Base: 18.3 Cool Base: 18.3 Method: Integration