NOAA-style Climate Reports

   V/Λ SELECT: Month and Year   OR  >   Month
V/Λ2021 > Jan Feb Mar Apr May Jun Jul Aug Sep Oct Nov Dec
V/Λ2020 > Jan Feb Mar Apr May Jun Jul Aug Sep Oct Nov Dec
                   Monthly Climatological Summary for Nov 2020

Name: Farm Skemerhoek   City: Aranos   State: Hardap
Elevation: 1075 m  Lat: S 24° 23' 24"   Lon: E 019° 51' 00"

                  Temperature (°C), Rain (mm), Wind Speed (km/h)

                                      Heat  Cool        Avg
    Mean                              Deg   Deg         Wind                 Dom
Day Temp  High   Time   Low    Time   Days  Days  Rain  Speed High   Time    Dir
----------------------------------------------------------------------------------
08  28.8  33.7   16:55  20.7   22:26   0.0   6.8  12.0   2.9  29.0   23:59     N
09  21.8  27.8   15:37  16.6   08:38   0.2   3.7   0.0   6.8  33.8   00:11     N
10  23.6  32.4   16:05  15.3   06:03   0.3   5.7   0.0   4.5  19.3   07:39     N
11  23.8  34.4   16:05  11.1   06:01   1.1   6.5   0.0   3.7  16.1   09:31     N
12  26.0  37.4   13:22  10.1   05:56   1.4   9.1   0.0   4.8  33.8   12:45     N
13  27.8  38.3   15:17  16.7   05:07   0.1   9.7   0.0   7.0  41.8   07:55     N
14  29.4  36.4   14:27  22.2   06:09   0.0  11.1   0.0   7.7  38.6   07:46     N
15  28.3  36.7   16:34  18.3   06:08   0.0  10.0   0.0   2.5  17.7   00:23     N
16  29.1  37.2   15:25  21.6   06:06   0.0  10.8   0.0   7.7  40.2   13:25     N
17  27.9  36.8   15:46  19.8   06:04   0.0   9.6   0.0   2.2  20.9   15:56     N
18  26.9  36.2   16:30  18.4   06:04   0.0   8.6   0.0  ----  29.0   01:21     N
19  26.9  36.2   16:07  15.4   04:27   0.2   8.7   0.0  ----  19.3   14:26     N
20  28.3  38.7   14:45  16.8   04:27   0.1  10.1   0.0  ----  40.2   16:35     N
21  27.4  36.1   14:55  20.5   06:10   0.0   9.1   0.0  ----  38.6   08:30     N
22  27.2  36.3   16:05  19.1   05:57   0.0   8.9   0.0  ----  43.5   15:48     N
23  26.5  35.7   15:57  16.2   05:46   0.2   8.4   0.0  ----  35.4   15:32     N
24  23.9  30.5   16:26  16.6   06:00   0.1   5.7   0.0  ----  32.2   14:52     N
25  24.4  33.0   17:50  16.0   06:00   0.3   6.4   0.0  ----  25.7   07:40     N
26  27.0  37.3   16:08  12.3   05:50   0.7   9.3   0.0  ----  24.1   09:15     N
27  29.9  41.4   14:48  19.9   05:37   0.0  11.6   0.8  ----  51.5   16:43     N
28  28.1  35.4   16:18  20.9   05:28   0.0   9.8   0.4  ----  41.8   10:56     N
29  27.9  37.6   15:11  18.9   06:02   0.0   9.6   1.8  ----  38.6   15:15     N
30  29.6  38.3   16:32  19.4   01:38   0.0  11.3   0.0  ----  40.2   15:24     N
----------------------------------------------------------------------------------
    27.0  41.4    27    10.1    12     4.7 200.5  15.0   5.1  51.5    27       N

Max >=  27.0 23
Max <=   0.0  0
Min <=   0.0  0
Min <= -18.0  0
Max Rain: 12.0 on day 8
Days of Rain: 4 (>= 0.2 mm)  1 (>= 2.0 mm)  0 (>= 20.0 mm)
Heat Base: 18.3  Cool Base: 18.3  Method: Integration

Powered by  Davis Vantage Pro2  and   CumulusMX  v3.9.1 (b3096)    Valid HTML5