NOAA-style Climate Reports

   V/Λ SELECT: Month and Year   OR  >   Month
V/Λ2021 > Jan Feb Mar Apr May Jun Jul Aug Sep Oct Nov Dec
V/Λ2020 > Jan Feb Mar Apr May Jun Jul Aug Sep Oct Nov Dec
                   Monthly Climatological Summary for Dec 2020

Name: Farm Skemerhoek   City: Aranos   State: Hardap
Elevation: 1075 m  Lat: S 24° 23' 24"   Lon: E 019° 51' 00"

                  Temperature (°C), Rain (mm), Wind Speed (km/h)

                                      Heat  Cool        Avg
    Mean                              Deg   Deg         Wind                 Dom
Day Temp  High   Time   Low    Time   Days  Days  Rain  Speed High   Time    Dir
----------------------------------------------------------------------------------
01  25.3  33.2   16:12  18.2   05:40   0.0   7.1   0.0   5.7  27.4   07:45     N
02  24.0  34.2   16:56  14.4   06:01   0.6   6.2   0.0   5.4  29.0   08:29     N
03  27.1  38.2   15:16  11.7   06:00   1.0   9.5   0.0  ----  29.0   11:08     N
04  28.6  37.8   17:18  18.8   06:00   0.0  10.3   1.6  ----  48.3   11:20     N
05  27.2  36.8   15:29  17.9   05:48   0.0   9.0   0.0  ----  32.2   01:30     N
06  27.8  35.7   13:19  20.9   23:58   0.0   9.5   0.0  ----  45.1   11:08     N
07  26.7  37.3   15:06  18.4   06:05   0.0   8.4   9.8  ----  41.8   18:48     N
08  28.9  37.6   16:51  19.0   06:06   0.0  10.6   0.0  ----  33.8   16:52     N
09  27.5  36.2   17:26  19.8   05:56   0.0   9.2   0.0  ----  30.6   00:17     N
10  27.7  37.9   17:18  17.6   02:12   0.0   9.5   0.0  ----  29.0   17:20     N
11  27.5  36.7   17:04  19.1   03:35   0.0   9.2   0.0  ----  20.9   07:46     N
12  24.5  31.1   17:16  17.9   06:05   0.0   6.2   0.0  ----  29.0   07:20     N
13  25.5  36.0   16:22   9.7   06:07   0.9   8.1   0.0  ----  25.7   13:59     N
14  29.3  38.9   16:40  16.2   06:03   0.1  11.0   0.0  ----  27.4   09:03     N
15  30.5  38.7   15:59  22.3   02:09   0.0  12.2   0.0  ----  22.5   17:26     N
16  29.1  38.2   16:06  17.8   05:56   0.0  10.8   0.0  ----  33.8   19:13     N
17  29.5  37.1   15:00  21.4   05:56   0.0  11.2   0.0  ----  37.0   18:13     N
18  28.6  35.6   15:48  20.2   06:02   0.0  10.3   0.0  ----  41.8   13:02     N
19  29.1  35.9   16:53  21.6   05:58   0.0  10.8   0.0  ----  48.3   20:40     N
20  25.9  33.0   14:54  21.0   22:57   0.0   7.6   4.4  ----  38.6   20:28     N
21  23.3  31.4   14:30  20.3   04:08   0.0   5.0   3.8  ----  37.0   13:04     N
22  24.2  29.9   17:58  20.5   06:56   0.0   5.9   0.4  ----  32.2   12:39     N
23  26.6  34.6   15:12  19.3   06:11   0.0   8.3   0.0  ----  25.7   13:43     N
24  26.3  35.4   15:00  16.0   05:00   0.1   8.1   0.0  ----  27.4   08:20     N
25  28.0  38.2   15:20  14.3   06:05   0.5  10.2   0.0  ----  22.5   15:29     N
26  30.3  40.1   16:17  17.2   06:06   0.0  12.0   0.0  ----  30.6   09:55     N
27  32.8  38.8   13:06  22.7   02:31   0.0   8.7   0.0  ----  20.9   13:41     N
28  32.5  39.6   14:04  24.1   06:09   0.0  14.1   0.0  ----  43.5   22:32     N
29  26.9  36.8   14:31  21.9   02:43   0.0   8.0   2.2  ----  51.5   01:48     N
30  25.9  36.9   13:53  21.2   03:19   0.0   8.1   0.0  ----  49.9   15:25     N
31  29.1  36.8   14:27  22.2   04:25   0.0  10.0   0.0  ----  46.7   17:29     N
----------------------------------------------------------------------------------
    27.6  40.1    26     9.7    13     3.2 285.1  22.2   5.5  51.5    29       N

Max >=  27.0 31
Max <=   0.0  0
Min <=   0.0  0
Min <= -18.0  0
Max Rain: 9.8 on day 7
Days of Rain: 6 (>= 0.2 mm)  4 (>= 2.0 mm)  0 (>= 20.0 mm)
Heat Base: 18.3  Cool Base: 18.3  Method: Integration

Powered by  Davis Vantage Pro2  and   CumulusMX  v3.9.1 (b3096)    Valid HTML5