NOAA-style Climate Reports

   V/Λ SELECT: Month and Year   OR  >   Month
V/Λ2022 > Jan Feb Mar Apr May Jun Jul Aug Sep Oct Nov Dec
V/Λ2021 > Jan Feb Mar Apr May Jun Jul Aug Sep Oct Nov Dec
V/Λ2020 > Jan Feb Mar Apr May Jun Jul Aug Sep Oct Nov Dec
                   Monthly Climatological Summary for Feb 2022

Name: Farm Skemerhoek   City: Aranos   State: Hardap
Elevation: 1075 m  Lat: S 24° 23' 24"   Lon: E 019° 51' 00"

                  Temperature (°C), Rain (mm), Wind Speed (km/h)

                                      Heat  Cool        Avg
    Mean                              Deg   Deg         Wind                 Dom
Day Temp  High   Time   Low    Time   Days  Days  Rain  Speed High   Time    Dir
----------------------------------------------------------------------------------
01  21.9  25.8   11:22  19.0   12:41   0.0   3.3  28.6   5.9  33.8   11:27   ENE
02  22.5  28.6   15:20  20.3   07:39   0.0   4.2  19.8   2.9  40.2   11:25   WNW
03  20.7  22.6   23:38  20.4   00:00   0.0   0.3   0.0  ----  19.3   23:36   SSW
04  20.3  22.3   00:00  20.2   02:49   0.0   2.0   0.0  ----  24.1   00:18   SSE
05  26.6  33.8   14:59  18.6   06:41   0.0   8.3   0.0  ----  35.4   11:27   ENE
06  26.9  33.4   16:43  18.4   06:27   0.0   8.6   0.0  ----  48.3   22:43    NE
07  23.6  31.8   16:55  19.2   20:18   0.0   5.3   5.2  ----  35.4   00:08   ESE
08  24.1  32.3   15:24  18.6   23:56   0.0   5.9   3.6  ----  48.3   22:18   SSE
09  18.6  18.8   02:09  18.4   00:10   0.0   0.0   2.4  ----  32.2   00:27    SW
10   0.0  18.8   02:55   0.0   00:00   0.0   0.0   0.0  ----   0.0   00:00     N
----------------------------------------------------------------------------------
    20.5  33.8     5     0.0    10     0.0  37.9  59.6   5.2  48.3     6      NE

Max >=  27.0  5
Max <=   0.0  0
Min <=   0.0  1
Min <= -18.0  0
Max Rain: 28.6 on day 1
Days of Rain: 5 (>= 0.2 mm)  5 (>= 2.0 mm)  1 (>= 20.0 mm)
Heat Base: 18.3  Cool Base: 18.3  Method: Integration

Powered by  Davis Vantage Pro2  and   CumulusMX  v3.16.1 (b3183)    Valid HTML5