V/Λ SELECT: Month and Year
OR > Month
Monthly Climatological Summary for May 2023
Name: Namushasha River Lodge City: Kongola State: Zambezi
Elevation: 3192 ft Lat: S 17° 59' 11" Lon: E 023° 17' 49"
Temperature (°C), Rain (mm), Wind Speed (km/h)
Heat Cool Avg
Mean Deg Deg Wind Dom
Day Temp High Time Low Time Days Days Rain Speed High Time Dir
----------------------------------------------------------------------------------
01 24.4 35.2 13:18 14.3 07:25 0.4 6.5 0.0 0.0 0.0 00:00 N
02 24.6 34.3 13:25 15.5 07:34 0.1 6.4 0.0 0.0 0.0 00:00 N
03 23.5 33.8 13:20 12.7 07:25 0.4 5.6 0.0 0.0 0.0 00:00 N
04 23.7 34.2 13:10 14.5 07:34 0.2 5.6 0.0 0.0 0.0 00:00 N
05 23.9 34.7 14:16 14.7 07:27 0.3 6.0 0.0 0.0 0.0 00:00 N
06 24.9 35.4 13:01 15.4 07:26 0.1 6.7 0.0 0.0 0.0 00:00 N
07 25.0 35.6 13:52 14.9 07:28 0.1 6.8 0.0 0.0 0.0 00:00 N
08 24.8 34.1 13:56 15.3 07:28 0.1 6.6 0.0 0.0 0.0 00:00 N
09 22.7 33.5 14:13 12.6 07:29 0.8 5.3 0.0 0.0 0.0 00:00 N
10 22.5 33.9 14:14 12.0 07:28 1.0 5.2 0.0 0.0 0.0 00:00 N
11 24.5 34.4 13:41 13.2 07:32 0.1 6.1 0.0 0.0 0.0 00:00 N
12 22.9 33.7 12:44 12.4 07:30 0.8 5.4 0.0 0.0 0.0 00:00 N
13 23.5 34.0 13:58 15.8 07:30 0.4 5.5 0.0 0.0 0.0 00:00 N
14 23.1 32.8 14:32 14.5 07:40 0.4 5.1 0.0 0.0 0.0 00:00 N
15 23.5 34.3 13:50 14.2 07:30 0.6 5.8 0.0 0.0 0.0 00:00 N
16 23.9 34.2 13:37 13.1 07:30 0.3 5.9 0.0 0.0 0.0 00:00 N
17 23.0 30.3 14:07 17.2 07:43 0.0 4.7 0.0 0.0 0.0 00:00 N
31 22.6 34.1 13:24 14.3 07:39 0.7 5.0 0.0 ---- 0.0 00:00 N
----------------------------------------------------------------------------------
23.5 35.6 7 12.0 10 11.8 171.6 0.0 0.0 0.0 0 E
Max >= 27.0 31
Max <= 0.0 0
Min <= 0.0 0
Min <= -18.0 0
Max Rain: 0.0 on day 0
Days of Rain: 0 (>= 0.2 mm) 0 (>= 2.0 mm) 0 (>= 20.0 mm)
Heat Base: 18.3 Cool Base: 18.3 Method: Integration