V/Λ SELECT: Month and Year
OR > Month
Monthly Climatological Summary for Dec 2023
Name: Namushasha River Lodge City: Kongola State: Zambezi
Elevation: 3192 ft Lat: S 17° 59' 11" Lon: E 023° 17' 49"
Temperature (°C), Rain (mm), Wind Speed (km/h)
Heat Cool Avg
Mean Deg Deg Wind Dom
Day Temp High Time Low Time Days Days Rain Speed High Time Dir
----------------------------------------------------------------------------------
01 22.9 31.2 14:06 18.9 02:41 0.0 4.6 0.0 0.0 0.0 00:00 N
02 26.1 36.6 15:31 18.4 02:23 0.0 7.8 0.0 0.0 0.0 00:00 N
03 28.7 39.5 15:38 20.1 06:33 0.0 10.4 0.0 0.0 0.0 00:00 N
04 29.9 40.4 16:10 23.2 06:36 0.0 11.6 0.0 0.0 0.0 00:00 N
05 30.7 41.0 14:23 23.1 06:32 0.0 12.4 0.0 0.0 0.0 00:00 N
06 29.0 39.6 14:46 23.9 08:19 0.0 10.7 0.0 0.0 0.0 00:00 N
07 29.8 39.4 16:06 21.1 06:21 0.0 11.5 0.0 0.0 0.0 00:00 N
08 26.3 33.9 16:18 22.1 07:56 0.0 8.0 0.0 0.0 0.0 00:00 N
09 29.2 40.6 13:43 20.4 06:28 0.0 10.9 0.0 0.0 0.0 00:00 N
10 26.6 39.9 14:32 19.3 23:48 0.0 8.2 13.4 0.0 0.0 00:00 N
11 22.6 29.6 15:29 19.2 06:58 0.0 4.3 0.6 0.0 0.0 00:00 N
12 26.3 36.8 16:35 20.8 23:32 0.0 8.0 2.6 0.0 0.0 00:00 N
13 26.0 35.4 15:16 19.8 03:04 0.0 7.7 0.0 0.0 0.0 00:00 N
----------------------------------------------------------------------------------
25.8 41.0 5 18.4 2 0.0 219.8 115.8 0.0 0.0 0 E
Max >= 27.0 29
Max <= 0.0 0
Min <= 0.0 0
Min <= -18.0 0
Max Rain: 43.4 on day 16
Days of Rain: 12 (>= 0.2 mm) 7 (>= 2.0 mm) 2 (>= 20.0 mm)
Heat Base: 18.3 Cool Base: 18.3 Method: Integration