NOAA-style Climate Reports

   V/Λ SELECT: Month and Year   OR  >   Month
V/Λ2022 > Jan Feb Mar Apr May Jun Jul Aug Sep Oct Nov Dec
V/Λ2021 > Jan Feb Mar Apr May Jun Jul Aug Sep Oct Nov Dec
V/Λ2020 > Jan Feb Mar Apr May Jun Jul Aug Sep Oct Nov Dec
                   Monthly Climatological Summary for Jul 2021

Name: Canyon Roadhouse   City: Hobas   State: Hardap
Elevation: 815 m  Lat: S 27° 31' 28"   Lon: E 017° 48' 53"

                  Temperature (°C), Rain (mm), Wind Speed (km/h)

                                      Heat  Cool        Avg
    Mean                              Deg   Deg         Wind                 Dom
Day Temp  High   Time   Low    Time   Days  Days  Rain  Speed High   Time    Dir
----------------------------------------------------------------------------------
01  11.8  21.0   17:00   4.4   04:10   6.7   0.3   0.0   0.8  12.9   12:47     W
02  14.9  24.1   16:36   6.6   04:50   4.6   1.2   0.0   7.3  35.4   12:44   NNW
03  14.7  24.3   15:46   6.2   08:01   4.8   1.2   0.0   6.7  29.0   13:05   WNW
04  11.7  19.4   15:52   4.8   07:27   6.6   0.0   0.0   5.2  19.3   16:46   WSW
05  11.0  19.4   16:57   3.5   08:08   7.4   0.1   0.0   5.0  27.4   15:54     W
06  13.5  23.6   16:55   4.5   07:47   5.8   1.0   0.0   4.9  29.0   11:36   WNW
07  13.8  26.1   17:12   3.4   06:06   6.0   1.5   0.0   5.1  29.0   13:32    NW
08  14.6  24.7   13:52   8.4   07:15   4.4   0.8   0.0   9.5  35.4   20:59   WSW
09  12.0  18.7   17:03   5.2   08:17   6.3   0.0   0.0   7.7  38.6   11:15    NW
10  12.6  24.1   16:31   4.1   08:02   6.5   0.8   0.0   4.4  20.9   12:37     N
11  13.9  25.8   15:52   4.1   02:03   5.9   1.6   0.0   5.5  24.1   11:26     N
12  10.6  16.4   15:19   6.7   23:46   7.6   0.0   0.2  12.4  48.3   15:23   WSW
13   7.4  11.5   16:21   4.7   04:16  10.8   0.0   0.0   9.0  27.4   00:40     S
14   7.4  15.0   16:15   0.2   04:19  10.9   0.0   0.0   6.2  29.0   11:44    NE
15   9.6  18.7   16:33   0.4   07:44   8.7   0.0   0.0   9.0  35.4   12:58     N
16  11.5  20.9   15:51   1.8   08:01   7.1   0.4   0.0   7.3  29.0   12:24     N
17  14.5  23.8   15:52   4.2   08:01   4.8   1.0   0.0   5.6  24.1   14:18     N
18  16.7  24.3   15:58   8.9   07:46   3.0   1.4   0.0   9.3  38.6   14:06   NNW
19  15.9  24.1   16:25   7.2   06:44   3.6   1.3   0.0   7.5  32.2   13:18   NNW
20  10.2  14.2   15:12   6.0   23:56   8.1   0.0   0.0  13.8  41.8   15:32     S
21   6.7  15.2   16:10  -1.6   07:28  11.6   0.0   0.0   3.7  20.9   00:07   SSE
22   6.9  16.9   16:55  -2.8   07:22  11.3   0.0   0.0   1.2  17.7   12:14    SE
23   8.8  17.6   16:47   0.9   08:01   9.5   0.0   0.0   3.9  27.4   10:02   NNE
24  11.1  20.2   16:33   2.5   06:25   7.4   0.2   0.0  11.0  37.0   13:14     N
25  14.7  23.2   16:18   4.6   05:58   4.5   0.9   0.0  12.8  45.1   10:34     N
26  17.6  24.6   16:28   8.8   05:27   2.2   1.5   0.0  13.7  49.9   11:51     N
27  17.8  25.6   17:10  12.1   08:22   2.2   1.7   0.0   9.2  32.2   10:01     N
28  12.7  22.2   14:23   5.5   07:19   6.0   0.5   0.0   7.4  32.2   18:15     W
29  11.5  21.3   16:42   2.9   08:04   7.2   0.4   0.0   4.1  16.1   01:00   SSW
30  13.5  24.5   16:33   4.2   03:00   5.9   1.1   0.0   6.7  33.8   14:23    NW
31  17.0  26.6   16:40   9.2   07:13   3.2   1.9   0.0   7.2  32.2   12:59   NNW
----------------------------------------------------------------------------------
    12.5  26.6    31    -2.8    22   200.6  20.8   0.2   7.2  49.9    26      NW

Max >=  27.0  0
Max <=   0.0  0
Min <=   0.0  2
Min <= -18.0  0
Max Rain: 0.2 on day 12
Days of Rain: 1 (>= 0.2 mm)  0 (>= 2.0 mm)  0 (>= 20.0 mm)
Heat Base: 18.3  Cool Base: 18.3  Method: Integration

Powered by  Davis Vantage Pro2  and   CumulusMX  v3.8.3 (b3093)    Valid HTML5