V/Λ SELECT: Month and Year
OR > Month
Monthly Climatological Summary for Jun 2022
Name: Omarunga Lodge City: Epupa State: Kunene
Elevation: 630 m Lat: S 17 00 09 Lon: E 013 14 44
Temperature (°C), Rain (mm), Wind Speed (km/h)
Heat Cool Avg
Mean Deg Deg Wind Dom
Day Temp High Time Low Time Days Days Rain Speed High Time Dir
----------------------------------------------------------------------------------
01 25.7 31.2 15:15 18.9 01:32 0.0 7.4 0.0 6.5 30.6 14:27 SE
02 24.7 30.8 16:17 18.7 04:21 0.0 6.4 0.0 4.2 24.1 13:31 SE
03 24.0 32.3 16:18 15.7 06:41 0.4 6.1 0.0 1.6 16.1 14:03 SSE
04 24.1 30.9 15:26 14.9 08:09 0.3 6.2 0.0 2.0 25.7 16:21 SE
05 23.2 30.3 15:43 14.1 07:21 0.4 5.3 0.0 1.9 32.2 11:40 SE
06 23.1 31.3 16:10 14.1 07:25 0.9 5.6 0.0 1.4 20.9 13:00 SE
07 22.9 30.4 16:12 13.6 07:07 0.8 5.4 0.0 1.5 24.1 12:53 SE
08 23.4 30.7 16:03 14.9 07:26 0.6 5.7 0.0 1.8 24.1 16:03 SSE
09 23.6 31.9 16:14 14.4 07:23 0.6 5.8 0.0 1.2 20.9 12:44 SE
10 23.3 33.8 15:57 14.7 07:05 0.5 5.5 0.0 0.4 20.9 12:35 SE
11 23.2 34.6 15:48 14.1 08:16 0.8 5.7 0.0 0.3 27.4 13:35 SW
----------------------------------------------------------------------------------
23.7 34.6 11 13.6 7 5.3 65.1 0.0 2.1 32.2 5 SE
Max >= 27.0 11
Max <= 0.0 0
Min <= 0.0 0
Min <= -18.0 0
Max Rain: 0.0 on day 0
Days of Rain: 0 (>= 0.2 mm) 0 (>= 2.0 mm) 0 (>= 20.0 mm)
Heat Base: 18.3 Cool Base: 18.3 Method: Integration