V/Λ SELECT: Month and Year
OR > Month
Monthly Climatological Summary for Aug 2023
Name: Omarunga Lodge City: Epupa State: Kunene
Elevation: 630 m Lat: S 17 00 09 Lon: E 013 14 44
Temperature (°C), Rain (mm), Wind Speed (km/h)
Heat Cool Avg
Mean Deg Deg Wind Dom
Day Temp High Time Low Time Days Days Rain Speed High Time Dir
----------------------------------------------------------------------------------
01 23.9 30.4 16:38 18.9 03:25 0.0 5.6 0.0 3.7 20.9 06:04 SSE
02 21.4 33.2 16:54 12.2 07:37 1.1 4.2 0.0 0.7 16.1 11:12 S
03 22.2 36.7 15:02 10.3 07:41 2.3 6.2 0.0 0.5 12.9 17:03 S
04 23.2 36.3 15:22 13.1 06:14 1.0 5.9 0.0 0.2 8.0 10:14 NE
05 25.2 34.6 16:24 14.6 07:24 0.8 7.8 0.0 1.9 19.3 20:28 SSE
06 26.0 33.3 15:59 16.6 07:49 0.1 7.8 0.0 2.9 27.4 11:46 SSE
07 23.8 34.5 16:00 14.4 07:45 0.9 6.4 0.0 1.2 19.3 15:04 SSE
08 24.3 36.9 15:36 13.9 06:28 0.8 6.8 0.0 0.4 12.9 14:25 SE
09 24.4 36.9 16:26 15.0 06:49 0.5 6.6 0.0 0.8 12.9 14:56 SSE
10 23.5 36.7 15:02 14.6 06:44 0.6 5.9 0.0 0.8 17.7 15:38 SSE
11 23.3 35.2 14:00 14.1 07:56 0.7 5.7 0.0 0.5 12.9 17:57 S
12 23.4 37.2 14:57 13.0 07:27 1.1 6.3 0.0 0.3 11.3 19:23 S
13 24.0 37.9 16:20 12.6 07:37 1.1 6.7 0.0 0.1 9.7 20:52 E
14 25.2 37.3 15:58 14.8 07:24 0.6 7.5 0.0 0.5 14.5 15:15 E
15 24.6 38.5 14:57 14.3 07:14 0.7 7.0 0.0 0.9 11.3 13:52 S
16 25.1 37.8 14:58 14.8 07:39 0.6 7.4 0.0 0.6 9.7 18:57 SSE
17 25.8 38.1 16:15 15.8 07:28 0.2 7.7 0.0 0.4 9.7 14:15 SSE
18 25.2 37.4 15:58 15.3 06:25 0.5 7.3 0.0 0.1 9.7 14:52 SSE
19 25.0 37.0 14:32 15.4 06:19 0.4 7.1 0.0 0.4 9.7 15:45 SE
20 25.2 39.0 14:40 14.4 08:02 0.6 7.5 0.0 0.7 11.3 11:44 S
21 23.6 34.9 13:35 15.2 07:30 0.5 5.8 0.0 0.8 11.3 16:16 S
22 23.2 34.8 15:43 14.7 07:36 0.6 5.5 0.0 0.5 9.7 13:44 SSE
23 24.6 38.3 15:39 14.9 07:27 0.5 6.9 0.0 0.2 9.7 14:40 E
24 25.3 40.2 16:09 14.4 06:41 0.6 7.6 0.0 1.1 16.1 11:45 S
25 22.5 32.3 14:27 16.1 07:32 0.3 4.5 0.0 1.1 14.5 16:09 S
26 22.3 29.8 14:00 14.8 07:26 0.5 4.5 0.0 0.9 14.5 15:26 S
27 24.9 34.6 16:02 15.9 05:55 0.4 7.0 0.0 1.6 17.7 23:40 SSE
28 26.4 29.2 00:00 21.7 08:13 0.0 8.1 0.0 2.6 24.1 04:06 SSE
----------------------------------------------------------------------------------
24.2 40.2 24 10.3 3 18.0 183.3 0.0 0.9 27.4 6 SSE
Max >= 27.0 28
Max <= 0.0 0
Min <= 0.0 0
Min <= -18.0 0
Max Rain: 0.0 on day 0
Days of Rain: 0 (>= 0.2 mm) 0 (>= 2.0 mm) 0 (>= 20.0 mm)
Heat Base: 18.3 Cool Base: 18.3 Method: Integration