NOAA-Style Climate Reports

Select a Year or Month report
2017: Jan Feb Mar Apr May Jun Jul Aug Sep Oct Nov Dec
2016: Jan Feb Mar Apr May Jun Jul Aug Sep Oct Nov Dec
2015: Jan Feb Mar Apr May Jun Jul Aug Sep Oct Nov Dec
2014: Jan Feb Mar Apr May Jun Jul Aug Sep Oct Nov Dec

Report for 2017 April
                   MONTHLY CLIMATOLOGICAL SUMMARY for DEC. 2016

NAME: Sterreprag   CITY: Helmeringhausen   STATE: Namibia 
ELEV:  1283 m  LAT:  26° 01' 02" S  LONG:  16° 54' 04" E

                   TEMPERATURE (°C), RAIN  (mm), WIND SPEED (km/hr)

                                      HEAT  COOL        AVG
    MEAN                              DEG   DEG         WIND                 DOM
DAY TEMP  HIGH   TIME   LOW    TIME   DAYS  DAYS  RAIN  SPEED HIGH   TIME    DIR
------------------------------------------------------------------------------------
 1  27.6  34.2   17:30  19.7    6:15   0.0   9.2   0.0   9.0  27.4   14:30     S
 2  28.9  38.6   15:45  17.9    6:15   0.0  10.6   0.0   7.6  43.5   16:15    SW
 3  29.1  39.1   15:30  22.3    5:00   0.0  10.7   0.0   8.2  46.7   17:15   WSW
 4  27.6  34.8   14:00  19.1    6:15   0.0   9.3   0.0  13.8  43.5   15:30   SSE
 5  28.8  36.6   15:00  19.6    6:15   0.0  10.6   0.0   7.9  38.6   15:45   SSW
 6  29.3  35.9   16:00  22.2    6:15   0.0  11.0   0.0   9.3  43.5   17:30   WSW
 7  28.9  35.9   16:45  22.5    7:00   0.0  10.6   0.0  10.0  37.0   13:15   SSW
 8  28.6  35.6   16:15  20.6    6:00   0.0  10.3   0.0   9.3  62.8   16:15    SW
 9  26.6  34.3   15:45  17.6    6:00   0.0   8.3   0.0   9.2  33.8   15:30   SSE
10  25.9  34.1   16:15  16.9    6:15   0.0   7.7   0.0  10.6  43.5   21:30   SSE
11  27.2  35.9   18:45  18.1    6:00   0.0   8.9   0.0  10.6  33.8   13:00   SSE
12  28.4  36.7   14:45  19.4    5:45   0.0  10.1   0.0  10.1  56.3   15:00   WSW
13  27.3  36.2   16:15  17.6    6:00   0.0   9.1   0.0   9.3  41.8   16:15   WSW
14  27.4  35.0   14:00  22.6    5:45   0.0   9.1   3.0  12.2  54.7   16:00    NW
15  27.1  35.0   16:00  19.8    6:00   0.0   8.8   0.0  10.0  43.5   17:45   SSE
16  28.4  36.3   16:15  19.5    6:00   0.0  10.1   0.0   7.9  40.2   18:30    SE
17  30.5  37.6   17:00  20.3    6:15   0.0  12.2   0.0   7.9  56.3   17:00    SE
18  30.8  38.8   14:15  20.7    6:00   0.0  12.5   0.0   9.0  45.1   13:00   WSW
19  30.7  37.4   15:00  26.0    6:00   0.0  12.4   0.0  10.1  37.0   15:45     S
20  29.1  37.6   16:00  21.3    6:45   0.0  10.8   0.0  10.9  46.7   16:30   SSW
21  27.7  36.3   15:15  20.9    6:15   0.0   9.4   0.0  11.4  61.2   16:00   WSW
22  25.6  36.1   16:00  16.6    6:15   0.1   6.8   0.0   9.3  38.6   15:00   SSW
23  25.2  34.4   14:30  17.5    5:30   0.0   6.9   0.0  10.3  43.5   14:30   WSW
24  20.6  30.9   17:00  12.9    6:15   1.0   2.6   0.0  11.9  48.3   13:30   SSE
25  26.4  34.2   13:00  17.9    6:00   0.0   5.6   0.0  12.1  41.8   11:45   WSW
26
27
28
29
30
31
-------------------------------------------------------------------------------------
    27.7  39.1     3    12.9    24     1.2 233.4   3.0   9.9  62.8     8       S

Max >=  32.0: 24
Max <=   0.0:  0
Min <=   0.0:  0
Min <= -18.0:  0
Max Rain: 3.00 ON 14/12/16
Days of Rain: 1 (> .2 mm) 1 (> 2 mm) 0 (> 20 mm)
Heat Base:  18.3  Cool Base:  18.3  Method: Integration