NOAA-Style Climate Reports

Select a Year or Month report
2017: Jan Feb Mar Apr May Jun Jul Aug Sep Oct Nov Dec
2016: Jan Feb Mar Apr May Jun Jul Aug Sep Oct Nov Dec
2015: Jan Feb Mar Apr May Jun Jul Aug Sep Oct Nov Dec
2014: Jan Feb Mar Apr May Jun Jul Aug Sep Oct Nov Dec

Report for 2014
                            ANNUAL CLIMATOLOGICAL SUMMARY

NAME: Eningu Clayhouse Lodge  CITY:    STATE:   
ELEV:  1489 m  LAT:  22° 46' 50" S  LONG:  18° 01' 03" E

               TEMPERATURE (°C), HEAT BASE 18.3, COOL BASE 18.3
                          DEP.  HEAT  COOL                                          
        MEAN  MEAN        FROM  DEG   DEG                        MAX  MAX  MIN  MIN 
 YR MO  MAX   MIN   MEAN  NORM  DAYS  DAYS  HI  DATE  LOW  DATE  >=32 <=0  <=0  <=-18 
------------------------------------------------------------------------------------
 14  1  31.8  15.6  23.3   0.0    18   173  35.9  13   5.9    8   16    0    0    0
 14  2  28.3  16.6  21.6   0.0     7    99  31.2  20  14.1   21    0    0    0    0
 14  3  29.3  13.8  20.8   0.0    35   114  31.9  19   6.3   28    0    0    0    0
 14  4  26.7  10.5  18.0   0.0    79    71  29.7  30   3.4   24    0    0    0    0
 14  5  26.4   6.8  16.2   0.0   127    64  28.9   1   1.7   21    0    0    0    0
 14  6  23.2   3.0  12.5   0.0   208    33  28.0   2  -7.2    6    0    0    5    0
 14  7  23.6   1.1  12.0   0.0   233    37  28.6  24  -7.1   27    0    0   12    0
 14  8  26.8   5.4  16.0   0.0    80    40  30.6  26  -4.0   30    0    0    2    0
 14  9  30.1   8.2  19.6   0.0    84   123  33.9  17  -0.8   30   11    0    1    0
 14 10  32.7  10.8  22.6   0.0    48   182  35.5  22   1.4    1   23    0    0    0
 14 11  32.2  12.2  22.6   0.0    32   160  36.6  25   2.9    4   16    0    0    0
 14 12  33.9  15.9  24.9   0.0     9   213  36.6  23  12.1    9   27    0    0    0
------------------------------------------------------------------------------------
        28.8  10.1  19.3   0.0   960  1310  36.6 NOV  -7.2  JUN   93    0   20    0

                                PRECIPITATION (mm)

               DEP.   MAX        DAYS OF RAIN 
               FROM   OBS.          OVER
 YR MO  TOTAL  NORM   DAY  DATE  .2   2   20
---------------------------------------------
 14  1  22.6    0.0   5.4   21   12    4    0
 14  2 159.8    0.0  40.2    3   16   12    2
 14  3  50.0    0.0  19.2    3   13    4    0
 14  4  27.4    0.0  26.4   12    5    1    1
 14  5   4.0    0.0   2.0   19    4    1    0
 14  6   0.0    0.0   0.0    1    0    0    0
 14  7   0.0    0.0   0.0    1    0    0    0
 14  8   0.2    0.0   0.2   17    1    0    0
 14  9   0.2    0.0   0.2   22    1    0    0
 14 10  16.4    0.0  14.8    6    2    1    0
 14 11  30.0    0.0  22.6    9   10    1    1
 14 12  26.2    0.0   7.4    1    9    5    0
---------------------------------------------
       336.9   0.0  40.2  FEB   73   29    4

                                WIND SPEED (km/hr)
                          DOM
 YR MO   AVG.  HI   DATE  DIR
---------------------------------
 14  1   4.1  45.1    6     E
 14  2   3.2  30.6   11     E
 14  3   2.3  40.2    3     E
 14  4   2.7  40.2   11     E
 14  5   2.5  43.5   19     N
 14  6   3.0  45.1   21     N
 14  7   2.7  37.0    4     N
 14  8   3.2  41.8   24    NW
 14  9   3.3  37.0    7     E
 14 10   3.6  48.3   21     E
 14 11   3.7  54.7   23     E
 14 12   3.6  40.2    1     E
---------------------------------
         3.2  54.7  NOV    E