NOAA-Style Climate Reports

Select a Year or Month report
2017: Jan Feb Mar Apr May Jun Jul Aug Sep Oct Nov Dec
2016: Jan Feb Mar Apr May Jun Jul Aug Sep Oct Nov Dec
2015: Jan Feb Mar Apr May Jun Jul Aug Sep Oct Nov Dec
2014: Jan Feb Mar Apr May Jun Jul Aug Sep Oct Nov Dec

Report for 2017
                            ANNUAL CLIMATOLOGICAL SUMMARY

NAME: Sterreprag  CITY: Helmeringhausen   STATE: Namibia  
ELEV:  1283 m  LAT:  26° 01' 02" S  LONG:  16° 54' 04" E

               TEMPERATURE (°C), HEAT BASE 18.3, COOL BASE 18.3
                          DEP.  HEAT  COOL                                          
        MEAN  MEAN        FROM  DEG   DEG                        MAX  MAX  MIN  MIN 
 YR MO  MAX   MIN   MEAN  NORM  DAYS  DAYS  HI  DATE  LOW  DATE  >=32 <=0  <=0  <=-18 
------------------------------------------------------------------------------------
 16  1  34.3  18.8  26.3   0.0     2   249  40.3   4  14.6   27   24    0    0    0
 16  2  35.4  18.0  26.5   0.0     2   239  37.7   9  14.6   26   28    0    0    0
 16  3  31.5  14.9  23.3   0.0    22   176  36.9   1   7.1   26   14    0    0    0
 16  4  30.4  13.7  22.3   0.0    29   149  34.1  11   7.3    2   13    0    0    0
 16  5  26.1   8.7  17.5   0.0    98    73  31.7   4  -1.8    5    0    0    1    0
 16  6  24.1   7.5  15.7   0.0   120    43  27.6   9   3.1   21    0    0    0    0
 16  7  21.7   4.8  13.2   0.0   188    29  27.2   4  -1.9   26    0    0    3    0
 16  8  26.3   7.5  16.9   0.0   122    78  31.6  26   0.4   14    0    0    0    0
 16  9  26.7   8.5  17.9   0.0    94    81  33.8  25   4.0   18    1    0    0    0
 16 10  31.2  12.8  22.5   0.0    30   145  37.9  26   4.5    9   13    0    0    0
 16 11  34.0  16.6  25.6   0.0     9   211  39.8  29   8.6    6   19    0    0    0
 16 12  35.9  19.6  27.7   0.0     1   233  39.1   3  12.9   24   24    0    0    0
------------------------------------------------------------------------------------
        29.7  12.5  21.1   0.0   718  1707  40.3 JAN  -1.9  JUL  136    0    4    0

                                PRECIPITATION (mm)

               DEP.   MAX        DAYS OF RAIN 
               FROM   OBS.          OVER
 YR MO  TOTAL  NORM   DAY  DATE  .2   2   20
---------------------------------------------
 16  1  37.4   30.4   8.8   19   13    5    0
 16  2   1.8    0.0   1.0    1    3    0    0
 16  3  22.7    0.0  11.8    3    6    2    0
 16  4  11.6    0.0   8.2   20    3    2    0
 16  5   0.0    0.0   0.0    1    0    0    0
 16  6   0.0    0.0   0.0    1    0    0    0
 16  7   0.0    0.0   0.0    1    0    0    0
 16  8   0.0    0.0   0.0    1    0    0    0
 16  9   0.0    0.0   0.0    1    0    0    0
 16 10   0.0    0.0   0.0    1    0    0    0
 16 11   0.2    0.0   0.2   22    1    0    0
 16 12   3.0    0.0   3.0   14    1    1    0
---------------------------------------------
        76.6  30.4  11.8  MAR   27   10    0

                                WIND SPEED (km/hr)
                          DOM
 YR MO   AVG.  HI   DATE  DIR
---------------------------------
 16  1   8.1  62.8    6   WSW
 16  2   8.3  53.1    6   WSW
 16  3   7.7  70.8   24   WSW
 16  4   6.6  70.8   24   WSW
 16  5   5.8 207.6    4    NE
 16  6   5.5  45.1   10   NNW
 16  7   5.4  70.8    4   WSW
 16  8   6.4  57.9   31   WSW
 16  9   7.5  61.2    3   WSW
 16 10   7.9  77.2   18   WSW
 16 11   9.1  62.8    7   WSW
 16 12   9.9  62.8    8     S
---------------------------------
         7.3 207.6  MAY  WSW