NOAA-Style Climate Reports

Select a Year or Month report
2017: Jan Feb Mar Apr May Jun Jul Aug Sep Oct Nov Dec
2016: Jan Feb Mar Apr May Jun Jul Aug Sep Oct Nov Dec
2015: Jan Feb Mar Apr May Jun Jul Aug Sep Oct Nov Dec
2014: Jan Feb Mar Apr May Jun Jul Aug Sep Oct Nov Dec

Report for 2016 January
                   MONTHLY CLIMATOLOGICAL SUMMARY for DEC. 2015

NAME: Sterreprag   CITY: Helmeringhausen   STATE: Namibia 
ELEV:  1283 m  LAT:  26° 01' 02" S  LONG:  16° 54' 04" E

                   TEMPERATURE (°C), RAIN  (mm), WIND SPEED (km/hr)

                                      HEAT  COOL        AVG
    MEAN                              DEG   DEG         WIND                 DOM
DAY TEMP  HIGH   TIME   LOW    TIME   DAYS  DAYS  RAIN  SPEED HIGH   TIME    DIR
------------------------------------------------------------------------------------
 1  27.7  35.7   15:00  19.2    7:00   0.0   9.4   0.0  10.8  45.1   18:00   WSW
 2  28.0  34.6   16:00  22.4    7:00   0.0   9.7   0.0   8.5  43.5   16:00   WSW
 3  27.3  35.7   17:00  17.8    6:00   0.0   9.0   0.0   7.9  43.5   18:00   WSW
 4  28.7  38.3   16:00  17.1    6:00   0.1  10.5   0.0   8.5  41.8   18:00   WSW
 5  29.7  39.0   17:00  19.8    6:00   0.0  11.4   0.0   7.2  43.5   18:00   WSW
 6  30.1  36.9   14:00  21.3    6:00   0.0  11.8   0.0   7.6  33.8   19:00   WSW
 7  27.9  31.1   12:00  24.7   00:00   0.0   9.6   0.0   6.6  38.6   12:00   WSW
 8  23.9  30.1   14:00  19.4   00:00   0.0   5.6   5.4   6.1  46.7   15:00   NNW
 9  25.5  34.3   17:00  16.4    6:00   0.2   7.4   0.2   6.1  33.8   20:00    SW
10  27.6  35.9   14:40  19.4    7:00   0.0   9.0   0.0   8.4  48.3   20:20   SSW
11  27.4  34.4   14:55  21.8    6:00   0.0   9.1   0.2  13.7  53.1   16:10     W
12  23.2  30.6   14:20  14.9    5:50   0.3   5.2   0.0  10.8  45.1   16:10   WSW
13  21.2  29.8   14:40  13.7    6:00   0.9   3.7   0.0  11.6  43.5   16:00   WSW
14  20.8  28.5   17:25  11.6    5:45   1.3   3.8   0.0   9.0  29.0    1:00   SSE
15  24.3  33.6   15:00  13.7    6:10   0.4   6.4   0.0   9.0  41.8   18:20   WSW
16  23.1  30.7   16:50  15.2    6:20   0.4   5.2   0.0  10.5  41.8   12:25   SSE
17  27.2  37.2   17:00  17.2    6:10   0.1   8.9   0.0  10.0  41.8   12:20     S
18  29.3  38.8   14:35  19.0    6:10   0.0  11.0   0.0   8.9  48.3   15:30   WSW
19  28.7  37.9   17:55  19.4    6:05   0.0  10.4   0.0   9.2  35.4   18:25   SSE
20  29.1  38.6   15:50  19.5    6:00   0.0  10.8   0.0   8.5  41.8   18:35   WSW
21  27.3  34.7   16:15  20.0    5:50   0.0   9.0   0.0  12.1  37.0   10:30     S
22  26.9  36.9   16:30  15.0    6:05   0.2   8.9   0.0   9.0  33.8   17:00   WSW
23  28.8  37.6   14:25  19.1    6:15   0.0  10.5   0.0   9.2  43.5   15:00   WSW
24  25.4  33.1   16:15  17.4    6:15   0.0   7.1   0.0  13.8  35.4   15:30   SSE
25  27.0  35.9   17:15  19.1    6:00   0.0   8.7   0.0  11.3  40.2   20:00     S
26  27.6  36.6   15:35  19.1    6:15   0.0   9.3   0.0  11.7  49.9   18:45   WSW
27  28.1  36.1   13:10  19.3    6:05   0.0   9.7   0.0   9.5  53.1   15:30   WSW
28  26.4  32.1   15:40  21.3    3:40   0.0   8.1   7.4   5.5  40.2   16:35    SE
29  24.9  30.9   13:50  20.0   15:50   0.0   6.7   7.4   9.8  56.3   15:40   ENE
30  27.1  34.2   14:15  21.2    6:10   0.0   8.8   0.0   5.6  30.6   14:40    SW
31  25.2  33.0   13:55  21.4   16:50   0.0   6.9   9.4   7.9  43.5   15:25     S
-------------------------------------------------------------------------------------
    26.6  39.0     5    11.6    14     3.8 261.6  30.0   9.2  56.3    29     WSW

Max >=  32.0: 24
Max <=   0.0:  0
Min <=   0.0:  0
Min <= -18.0:  0
Max Rain: 9.40 ON 31/12/15
Days of Rain: 6 (> .2 mm) 4 (> 2 mm) 0 (> 20 mm)
Heat Base:  18.3  Cool Base:  18.3  Method: Integration