NOAA-Style Climate Reports

Select a Year or Month report
2017: Jan Feb Mar Apr May Jun Jul Aug Sep Oct Nov Dec
2016: Jan Feb Mar Apr May Jun Jul Aug Sep Oct Nov Dec
2015: Jan Feb Mar Apr May Jun Jul Aug Sep Oct Nov Dec
2014: Jan Feb Mar Apr May Jun Jul Aug Sep Oct Nov Dec

Report for 2016 March
                   MONTHLY CLIMATOLOGICAL SUMMARY for MAR. 2016

NAME: Sterreprag   CITY: Helmeringhausen   STATE: Namibia 
ELEV:  1283 m  LAT:  26° 01' 02" S  LONG:  16° 54' 04" E

                   TEMPERATURE (°C), RAIN  (mm), WIND SPEED (km/hr)

                                      HEAT  COOL        AVG
    MEAN                              DEG   DEG         WIND                 DOM
DAY TEMP  HIGH   TIME   LOW    TIME   DAYS  DAYS  RAIN  SPEED HIGH   TIME    DIR
------------------------------------------------------------------------------------
 1  28.9  36.9   15:05  19.4    6:55   0.0  10.6   0.0   7.1  59.5   15:00    SW
 2  27.3  36.1   16:35  20.3   00:00   0.0   9.0   8.6   8.5  43.5   18:40     S
 3  21.2  26.8   16:15  16.9    7:55   0.1   3.0  11.8  11.1  43.5    8:55    NE
 4  25.4  32.4   16:15  17.7    6:30   0.0   7.1   0.0   8.9  41.8   13:10    NE
 5  27.2  34.3   15:30  21.3    5:30   0.0   8.9   0.0  10.9  49.9   11:20   WSW
 6  25.9  32.1   14:05  20.9    6:20   0.0   7.6   0.0   8.2  43.5   14:55    SW
 7  23.7  29.5   14:45  19.0   00:00   0.0   5.4   0.6   9.5  40.2   18:00   WSW
 8  21.1  28.8   17:30  13.4    7:05   1.1   3.9   0.0  10.3  30.6   23:10   SSE
 9  23.4  31.6   16:25  14.8    7:05   0.3   5.4   0.0   9.0  38.6   11:45   WSW
10  23.8  33.2   15:45  15.7    7:05   0.3   5.8   0.0   5.8  32.2   14:00   WSW
11  25.2  34.6   16:20  15.7    7:05   0.2   7.0   0.0   6.8  43.5   14:55     S
12  25.7  34.1   12:55  17.1    6:10   0.1   7.5   0.6   7.2  40.2   12:50   WSW
13  25.7  32.4   16:05  16.6    7:05   0.1   7.5   0.0   5.0  32.2   14:45     E
14  25.9  33.4   14:40  20.1    7:00   0.0   7.6   0.4   6.0  43.5   17:20     S
15  25.3  32.7   15:05  20.3   23:55   0.0   7.0   0.6   5.5  46.7   16:00   ESE
16  24.9  32.9   16:15  16.7    6:50   0.1   6.7   0.0   6.0  43.5   13:10   SSW
17  24.1  31.8   15:05  15.5    6:45   0.3   6.1   0.0   6.0  33.8   16:40    SW
18  24.4  31.8   14:55  15.9    5:55   0.3   6.4   0.0   6.4  33.8   17:25   WSW
19  23.6  32.5   15:00  14.3    7:10   0.6   5.9   0.0   7.4  38.6   17:30   WSW
20  21.8  30.6   14:30  12.7    6:50   0.9   4.4   0.0   7.2  35.4   14:55    SW
21  21.7  31.1   16:40  11.7    7:15   1.1   4.6   0.0   7.2  29.0   15:05   SSW
22  21.1  29.1   14:35  11.6    6:55   1.1   3.9   0.0   8.5  38.6   17:05    SW
23  19.7  28.7   14:55   8.9    7:05   2.2   3.7   0.0   5.5  41.8   15:50     W
24  20.3  29.9   15:15   9.3    7:05   1.8   3.9   0.0  10.5  70.8   14:50    NW
25  20.1  27.1   15:05  13.8   00:00   0.9   2.7   0.0  10.9  38.6   15:10   WSW
26  17.7  28.0   15:45   7.1    6:55   3.1   2.4   0.0   4.7  27.4   18:30   WSW
27  19.3  30.5   17:35   7.6    6:30   2.6   3.7   0.0   3.9  24.1   20:00   WSW
28  22.1  33.1   14:45  10.4    6:40   1.6   5.3   0.0   7.7  46.7   14:35    NW
29  22.9  30.8   14:20  13.1    6:50   0.4   5.0   0.0  10.3  54.7   13:00   WNW
30  22.4  30.0   13:30  13.4    7:10   0.4   4.5   0.0  10.1  49.9   16:10   WNW
31  19.9  29.8   13:20   9.3    7:05   2.1   3.7   0.0   8.0  54.7   13:15   WNW
-------------------------------------------------------------------------------------
    23.3  36.9     1     7.1    26    21.8 176.4  22.7   7.7  70.8    24     WSW

Max >=  32.0: 14
Max <=   0.0:  0
Min <=   0.0:  0
Min <= -18.0:  0
Max Rain: 11.81 ON 03/03/16
Days of Rain: 6 (> .2 mm) 2 (> 2 mm) 0 (> 20 mm)
Heat Base:  18.3  Cool Base:  18.3  Method: Integration