NOAA-Style Climate Reports

Select a Year or Month report
2017: Jan Feb Mar Apr May Jun Jul Aug Sep Oct Nov Dec
2016: Jan Feb Mar Apr May Jun Jul Aug Sep Oct Nov Dec
2015: Jan Feb Mar Apr May Jun Jul Aug Sep Oct Nov Dec
2014: Jan Feb Mar Apr May Jun Jul Aug Sep Oct Nov Dec

Report for 2016 June
                   MONTHLY CLIMATOLOGICAL SUMMARY for MAY. 2016

NAME: Sterreprag   CITY: Helmeringhausen   STATE: Namibia 
ELEV:  1283 m  LAT:  26° 01' 02" S  LONG:  16° 54' 04" E

                   TEMPERATURE (°C), RAIN  (mm), WIND SPEED (km/hr)

                                      HEAT  COOL        AVG
    MEAN                              DEG   DEG         WIND                 DOM
DAY TEMP  HIGH   TIME   LOW    TIME   DAYS  DAYS  RAIN  SPEED HIGH   TIME    DIR
------------------------------------------------------------------------------------
 1  18.7  27.8   14:55   9.4    6:10   2.4   2.8   0.0   4.2  25.7   10:40    NE
 2  20.2  30.8   15:25  10.0    6:10   2.0   3.9   0.0   2.9  24.1   13:00    SW
 3  20.9  30.3   15:35  11.0    5:50   1.6   4.2   0.0   4.0  25.7   15:40   WSW
 4  21.8  31.7   15:15  11.9    4:45   1.6   5.1   0.0   4.5 207.6   21:10    NE
 5  16.6  31.1   15:10  -1.8    3:30   7.4   5.7   0.0   6.0 207.6    4:35   NNW
 6  23.1  29.9   13:55  16.6    6:20   0.1   5.0   0.0   5.8  33.8   13:10   WNW
 7  19.7  27.8   13:50  11.2    5:55   1.7   3.1   0.0   8.7  48.3   13:00   WNW
 8  17.7  25.8   13:25-1823.2   22:05   2.8   2.1   0.0   9.8  48.3   11:45    NW
 9  16.0  25.2   13:40   8.1   00:00   4.1   1.8   0.0   6.3  33.8   14:50   WNW
10  15.6  27.7   14:20   4.4    5:55   4.9   2.2   0.0   3.9  32.2   14:30     W
11  19.2  28.2   13:45   9.7    2:10   2.3   3.2   0.0   7.9  40.2   13:20   WNW
12  15.3  21.5   10:35   7.6   00:00   3.4   0.4   0.0  13.7  53.1   10:50    NW
13  11.7  17.2   14:20   6.5    5:40   6.6   0.0   0.0   5.1  29.0   16:30    SW
14  12.3  19.7   15:20   5.4    4:35   6.1   0.1   0.0   6.3  38.6   11:00   ENE
15  14.2  22.8   15:00   5.6    4:00   5.0   1.0   0.0   6.1  30.6   11:20   ENE
16  16.4  28.0   16:30   6.5    6:40   4.4   2.5   0.0   3.9  27.4    8:50   WSW
17  18.6  28.7   15:50   9.1    1:40   2.9   3.1   0.0   4.3  33.8    8:45   WSW
18  19.2  28.2   14:30   9.6    6:10   2.5   3.3   0.0   5.5  30.6   18:10   WSW
19  18.4  26.5   14:05   9.3    6:35   2.4   2.5   0.0   5.3  33.8   15:10   ESE
20  19.2  28.1   15:05   8.7    6:40   2.6   3.5   0.0   5.3  35.4   12:35    NE
21  20.7  27.6   13:30  13.5    3:20   1.0   3.5   0.0   5.0  29.0    9:45     W
22  19.6  26.7   13:55  11.8    3:50   1.5   2.8   0.0   5.8  27.4   17:30   NNW
23  18.3  26.2   13:30   9.9    3:55   2.4   2.3   0.0   8.0  33.8   13:05   NNW
24  16.4  23.4   15:40   9.6    6:30   3.1   1.2   0.0   6.6  27.4   12:40   SSW
25  12.4  20.3   14:30   4.5    6:35   6.2   0.2   0.0   4.3  29.0    9:50   ENE
26  14.5  23.6   14:15   5.4    4:25   5.0   1.2   0.0   6.1  37.0   11:40    NE
27  17.0  25.6   14:50   7.8    3:55   3.5   2.2   0.0   5.0  30.6   10:45    NE
28  17.0  24.2   14:45  10.4    5:20   2.9   1.6   0.0   5.8  30.6   11:25    NE
29  17.2  24.4   15:20  10.1    3:15   2.7   1.6   0.0   6.1  33.8   11:25    NE
30  16.5  23.3   15:05   8.7    5:00   3.2   1.4   0.0   5.8  35.4   10:35   NNW
31  17.8  25.2   13:55   9.6    3:35   2.6   2.1   0.0   6.9  45.1   11:10    NW
-------------------------------------------------------------------------------------
    17.5  31.7     4  -1823.2     8   100.8  75.6   0.0   6.0 207.6     4      NE

Max >=  32.0:  0
Max <=   0.0:  0
Min <=   0.0:  2
Min <= -18.0:  1
Max Rain: 0.00 ON 01/05/16
Days of Rain: 0 (> .2 mm) 0 (> 2 mm) 0 (> 20 mm)
Heat Base:  18.3  Cool Base:  18.3  Method: Integration