NOAA-Style Climate Reports

Select a Year or Month report
2017: Jan Feb Mar Apr May Jun Jul Aug Sep Oct Nov Dec
2016: Jan Feb Mar Apr May Jun Jul Aug Sep Oct Nov Dec
2015: Jan Feb Mar Apr May Jun Jul Aug Sep Oct Nov Dec
2014: Jan Feb Mar Apr May Jun Jul Aug Sep Oct Nov Dec

Report for 2016 July
                   MONTHLY CLIMATOLOGICAL SUMMARY for JUN. 2016

NAME: Sterreprag   CITY: Helmeringhausen   STATE: Namibia 
ELEV:  1283 m  LAT:  26° 01' 02" S  LONG:  16° 54' 04" E

                   TEMPERATURE (°C), RAIN  (mm), WIND SPEED (km/hr)

                                      HEAT  COOL        AVG
    MEAN                              DEG   DEG         WIND                 DOM
DAY TEMP  HIGH   TIME   LOW    TIME   DAYS  DAYS  RAIN  SPEED HIGH   TIME    DIR
------------------------------------------------------------------------------------
 1  17.9  25.8   15:20   9.8    6:05   2.7   2.3   0.0   5.3  37.0   12:10   WSW
 2  17.9  26.7   13:35   9.1    6:45   2.9   2.5   0.0   4.7  38.6   13:40   WSW
 3  16.5  24.2   14:10   9.5    4:45   3.2   1.4   0.0   6.3  30.6   19:00     S
 4  15.3  22.9   15:00   6.9    6:30   4.0   0.9   0.0   4.2  20.9   12:40    SE
 5  16.8  25.6   15:30   7.3    5:00   3.4   1.9   0.0   4.8  25.7   16:20   ENE
 6  19.3  24.3   11:45  10.9    6:45   1.0   2.0   0.0   8.0  35.4   11:15     E
 7  17.4  22.8   13:35  11.0    6:10   1.9   1.0   0.0   9.3  40.2   12:25   NNW
 8  19.0  25.7   14:30  12.8    5:55   1.6   2.3   0.0   8.0  38.6   10:25   NNW
 9  19.9  27.6   14:50  13.1    2:05   1.5   3.1   0.0   7.1  40.2   12:55   NNW
10  18.7  26.9   13:40  11.7    6:50   2.0   2.4   0.0   8.9  45.1   12:20   SSW
11  13.8  17.8   13:35   9.9   00:00   4.5   0.0   0.0   8.5  37.0   13:30     E
12  15.3  25.6   13:40   5.6    5:30   4.6   1.6   0.0   7.2  41.8   12:45     W
13  15.1  24.9   13:35   5.3    5:50   4.7   1.5   0.0   3.4  20.9   13:30   WSW
14  16.4  27.1   14:10   6.4    6:25   4.1   2.2   0.0   2.9  24.1   15:25   WSW
15  15.4  23.8   14:05   6.8    6:30   4.1   1.2   0.0   4.7  29.0   14:55   WSW
16  13.2  20.4   15:50   6.1    6:40   5.3   0.2   0.0   4.5  20.9   17:10   SSW
17  13.8  23.2   15:25   4.7    5:10   5.5   1.0   0.0   4.8  30.6   14:25   NNW
18  15.6  24.7   13:20   7.3    2:10   4.3   1.6   0.0   6.3  30.6   13:35     W
19  14.2  22.1   13:35   6.9    6:20   4.8   0.8   0.0   8.9  43.5   14:50   WNW
20  11.9  19.0   15:05   4.1    6:40   6.5   0.0   0.0   4.2  19.3   13:45    SE
21  12.2  22.6   15:50   3.1    6:15   6.8   0.6   0.0   4.0  29.0   10:15    NE
22  14.1  25.5   14:40   4.7    4:45   5.5   1.3   0.0   3.2  25.7   14:20   WSW
23  15.8  26.4   14:40   5.3    5:30   4.8   2.3   0.0   3.9  27.4   13:15    NE
24  16.5  23.9   14:00   9.6    0:40   3.2   1.4   0.0   5.8  38.6    9:15   NNW
25  15.7  23.4   15:30   8.9   00:00   3.7   1.2   0.0   6.1  30.6   10:50   NNW
26  14.9  22.8   14:50   7.8    3:10   4.3   1.0   0.0   6.4  38.6   10:35   NNW
27  14.3  23.6   15:30   6.5    6:05   5.0   0.9   0.0   2.9  24.1   11:45   SSW
28  13.5  23.6   16:10   3.3    6:45   5.7   0.9   0.0   2.4  27.4   12:15    NE
29  15.4  25.9   15:10   5.1    6:40   4.7   1.8   0.0   2.6  25.7   13:45    NE
30  16.5  25.5   13:30   7.0    5:50   3.8   2.0   0.0   6.8  41.8   11:35   WNW
-------------------------------------------------------------------------------------
    15.7  27.6     9     3.1    21   119.9  43.3   0.0   5.5  45.1    10     NNW

Max >=  32.0:  0
Max <=   0.0:  0
Min <=   0.0:  0
Min <= -18.0:  0
Max Rain: 0.00 ON 01/06/16
Days of Rain: 0 (> .2 mm) 0 (> 2 mm) 0 (> 20 mm)
Heat Base:  18.3  Cool Base:  18.3  Method: Integration