NOAA-Style Climate Reports

Select a Year or Month report
2017: Jan Feb Mar Apr May Jun Jul Aug Sep Oct Nov Dec
2016: Jan Feb Mar Apr May Jun Jul Aug Sep Oct Nov Dec
2015: Jan Feb Mar Apr May Jun Jul Aug Sep Oct Nov Dec
2014: Jan Feb Mar Apr May Jun Jul Aug Sep Oct Nov Dec

Report for 2016 August
                   MONTHLY CLIMATOLOGICAL SUMMARY for AUG. 2016

NAME: Sterreprag   CITY: Helmeringhausen   STATE: Namibia 
ELEV:  1283 m  LAT:  26° 01' 02" S  LONG:  16° 54' 04" E

                   TEMPERATURE (°C), RAIN  (mm), WIND SPEED (km/hr)

                                      HEAT  COOL        AVG
    MEAN                              DEG   DEG         WIND                 DOM
DAY TEMP  HIGH   TIME   LOW    TIME   DAYS  DAYS  RAIN  SPEED HIGH   TIME    DIR
------------------------------------------------------------------------------------
 1  13.1  23.6   15:15   2.9    6:30   6.4   1.2   0.0   6.1  32.2   11:30    NE
 2  14.9  27.1   12:50   5.4    5:40   5.2   1.9   0.0  10.6  46.7   13:25   NNW
 3   8.7  15.1   16:05   2.2    7:00   9.6   0.0   0.0   8.2  40.2   11:45    SE
 4  11.5  21.9   14:25   1.3    6:05   7.3   0.5   0.0   6.0  33.8   14:30    NE
 5  16.9  28.3   16:05   6.6    1:40   3.9   2.6   0.0   4.0  30.6   12:05    NE
 6  17.5  28.4   14:40   6.6    3:25   4.0   3.2   0.0   4.8  33.8   13:00   WSW
 7  17.6  27.7   13:35   7.8    4:10   3.5   2.8   0.0   5.1  33.8   14:10   WSW
 8  14.5  25.1   14:25   4.6    6:40   5.3   1.5   0.0   5.3  30.6   17:10   ENE
 9  17.6  28.9   14:50   4.8    6:35   4.0   3.3   0.0   4.5  30.6   12:40   NNW
10  18.8  27.6   13:40   7.5    4:05   2.9   3.3   0.0   7.2  40.2   10:50    NE
11  19.6  28.2   15:10   9.1    6:40   2.1   3.4   0.0   7.1  41.8   12:20   NNW
12  18.4  26.6   13:35  10.9   23:50   2.3   2.4   0.0   8.9  51.5   14:25   NNW
13  12.9  20.7   12:00   5.5    6:30   5.8   0.4   0.0   8.2  38.6   14:10   WSW
14   9.3  17.6   15:35   0.4    6:30   8.9   0.0   0.0   5.1  35.4   12:35     E
15  13.7  24.2   14:10   2.4    6:10   5.7   1.1   0.0   6.0  32.2   14:45    NE
16  16.8  27.6   15:15   7.5    5:45   3.7   2.2   0.0   3.9  38.6   14:50   WSW
17  16.6  26.0   14:35   8.4    3:20   3.7   2.0   0.0   4.3  27.4    7:20   WSW
18  17.1  26.1   15:50   8.4    5:35   3.4   2.2   0.0   3.1  27.4   14:20   SSW
19  17.2  28.2   14:30   8.1    3:55   3.6   2.5   0.0   5.0  33.8   16:25   WSW
20  17.1  27.9   16:40   6.9    5:35   3.6   2.3   0.0   3.4  25.7   12:15    SW
21  15.1  24.3   12:35   7.4    4:40   4.5   1.3   0.0   7.4  43.5   14:15   WSW
22  12.0  18.8   15:45   5.5    3:15   6.3   0.0   0.0   9.5  35.4   14:00   ESE
23  14.4  23.8   15:10   5.4    4:30   4.9   1.0   0.0   7.6  35.4   12:00    NE
24  18.1  28.5   14:10   5.7    6:00   3.4   3.2   0.0   8.2  35.4   11:55   ENE
25  21.9  31.2   14:30  12.7    2:25   1.2   4.8   0.0   5.8  27.4   11:40    NE
26  22.7  31.6   16:25  13.4    4:50   1.1   5.5   0.0   4.5  27.4   10:45    NE
27  22.2  30.3   15:10  13.0    6:00   1.0   4.8   0.0   6.1  33.8   10:05   ENE
28  22.1  29.1   14:05  14.3    6:15   0.7   4.5   0.0   7.4  35.4    9:55   ENE
29  22.2  30.3   15:00  13.2    2:40   1.1   5.0   0.0   6.8  35.4    9:35   NNW
30  21.3  30.8   14:15  11.4    5:35   1.6   4.7   0.0   7.9  41.8    9:40   NNW
31  21.6  30.4   13:25  13.7    3:05   0.9   4.2   0.0  11.4  57.9   15:15   NNW
-------------------------------------------------------------------------------------
    16.9  31.6    26     0.4    14   121.9  77.8   0.0   6.4  57.9    31     WSW

Max >=  32.0:  0
Max <=   0.0:  0
Min <=   0.0:  0
Min <= -18.0:  0
Max Rain: 0.00 ON 01/08/16
Days of Rain: 0 (> .2 mm) 0 (> 2 mm) 0 (> 20 mm)
Heat Base:  18.3  Cool Base:  18.3  Method: Integration