NOAA-style Climate Reports

   V/Λ SELECT: Month and Year   OR  >   Month
V/Λ2022 > Jan Feb Mar Apr May Jun Jul Aug Sep Oct Nov Dec
V/Λ2021 > Jan Feb Mar Apr May Jun Jul Aug Sep Oct Nov Dec
V/Λ2020 > Jan Feb Mar Apr May Jun Jul Aug Sep Oct Nov Dec
                   Monthly Climatological Summary for Jun 2021

Name: Klein-Aus Vista   City: Aus   State: Karas
Elevation: 1480 m  Lat: S 26° 39' 07"   Lon: E 016° 14' 33"

                  Temperature (°C), Rain (mm), Wind Speed (km/h)

                                      Heat  Cool        Avg
    Mean                              Deg   Deg         Wind                 Dom
Day Temp  High   Time   Low    Time   Days  Days  Rain  Speed High   Time    Dir
----------------------------------------------------------------------------------
01  10.8  16.9   15:23   6.3   07:55   7.5   0.0   0.0  34.1  66.0   10:03   ESE
02  11.5  17.5   15:23   6.6   07:38   6.8   0.0   0.0  34.3  70.8   11:41   ESE
03  13.2  18.9   16:20   8.6   06:11   5.1   0.0   0.0  32.2  67.6   10:09     E
04  14.3  19.5   15:50   9.7   05:52   4.1   0.1   0.0  26.1  57.9   23:07     E
05  14.6  20.5   15:43   7.8   04:43   4.0   0.3   0.0  24.5  54.7   00:12     E
06  16.1  21.0   15:44  12.6   07:43   2.6   0.4   0.0  23.9  48.3   00:30    NE
07  15.5  21.2   15:33   8.9   22:18   3.2   0.4   0.0  26.0  66.0   15:37   NNW
08   9.3  13.8   16:11   5.3   23:54   9.0   0.0   0.0  17.5  49.9   03:15   WNW
09  10.8  18.8   16:20   5.1   00:30   7.5   0.0   0.2  16.6  37.0   11:05   ESE
10  13.7  21.5   15:05   5.3   07:57   5.2   0.6   0.0  13.6  29.0   12:13    SE
11  17.4  24.4   15:16  12.2   04:28   2.5   1.5   0.0  ----  46.7   15:22   WNW
12  19.1  24.0   14:10  14.7   07:30   0.6   1.4   0.0  ----  75.6   15:40    NW
13  16.7  22.7   15:42  11.7   23:47   2.5   0.9   0.0  ----  43.5   13:28    NW
14  16.0  23.6   14:44   9.5   07:54   3.7   1.4   0.0  ----  33.8   13:04     S
15  15.1  20.2   13:13  11.0   21:31   3.5   0.3   0.0  ----  46.7   15:03   WNW
16  11.1  15.3   15:39   6.9   08:03   7.2   0.0   0.0  ----  38.6   11:30     W
17  13.3  21.3   15:53   5.8   07:47   5.4   0.4   0.0  ----  33.8   19:56   ESE
18  15.4  21.7   15:40   9.9   07:42   3.6   0.6   0.0  ----  49.9   10:38     E
19  19.6  24.7   14:54  16.2   02:17   0.6   1.9   0.0  ----  40.2   10:29   ENE
20  18.2  21.8   14:18  15.3   23:59   0.9   0.7   0.0  ----  54.7   10:28   ENE
21  17.1  22.6   14:09  12.1   23:59   2.0   0.8   0.0  ----  45.1   13:30     N
22  14.4  20.6   14:17   8.4   06:39   4.3   0.4   0.0  ----  46.7   15:03   WSW
23  12.4  18.6   13:58   6.2   07:52   5.9   0.0   0.0  ----  37.0   12:53     W
24  12.8  19.6   15:19   6.0   04:15   5.6   0.1   0.0  ----  40.2   15:54   WNW
25  13.3  18.2   14:19   8.2   21:20   3.7   0.0   0.0  ----  30.6   14:48   WSW
26  14.3  21.2   15:08   8.3   00:00   3.4   0.4   0.0  ----  25.7   12:47     W
27  15.0  20.3   12:17   9.8   00:00   3.3   0.3   0.0  ----  62.8   16:14   WNW
28  12.5  17.6   14:01   7.8   06:08   5.8   0.0   0.0  ----  51.5   13:40   WNW
29  12.5  16.5   14:18   8.4   23:57   5.8   0.0   1.2  ----  98.2   18:05   WNW
30   8.7  12.4   14:17   5.3   23:22   9.6   0.0   1.0  ----  51.5   00:13     W
----------------------------------------------------------------------------------
    14.2  24.7    19     5.1     9   134.9  12.9   2.4  25.2  98.2    29       E

Max >=  27.0  0
Max <=   0.0  0
Min <=   0.0  0
Min <= -18.0  0
Max Rain: 1.2 on day 29
Days of Rain: 3 (>= 0.2 mm)  0 (>= 2.0 mm)  0 (>= 20.0 mm)
Heat Base: 18.3  Cool Base: 18.3  Method: Integration

Powered by  Davis Vantage Pro2  and   CumulusMX  v3.9.2 (b3097)    Valid HTML5