V/Λ SELECT: Month and Year
OR > Month
Monthly Climatological Summary for Apr 2023
Name: Farm Rietfontein City: State: Khomas
Elevation: 1769 m Lat: S 22° 54' 09" Lon: E 017° 25' 08"
Temperature (°C), Rain (mm), Wind Speed (km/h)
Heat Cool Avg
Mean Deg Deg Wind Dom
Day Temp High Time Low Time Days Days Rain Speed High Time Dir
----------------------------------------------------------------------------------
01 22.3 30.9 15:52 10.3 03:53 1.3 5.3 0.0 4.4 33.8 20:57 SW
02 22.1 30.6 14:26 13.1 07:37 0.7 4.5 0.0 2.8 22.5 15:05 E
03 23.3 31.2 16:34 16.2 07:05 0.2 5.2 0.0 3.9 22.5 05:07 SSE
04 22.5 29.4 16:48 13.0 06:27 0.7 4.8 0.0 5.3 33.8 07:45 ENE
05 24.4 30.7 14:43 19.4 06:11 0.0 6.1 0.0 8.2 38.6 08:55 NE
06 24.1 31.7 15:16 14.9 05:14 0.4 6.2 0.0 2.8 22.5 12:36 NW
07 22.9 28.9 12:00 16.4 07:04 0.1 4.7 0.0 3.4 22.5 10:10 SSW
08 21.1 27.8 17:16 12.9 07:12 0.8 3.6 1.6 2.5 25.7 17:26 W
09 21.6 29.0 14:53 14.8 06:37 0.6 3.9 0.0 4.4 33.8 14:54 W
10 18.8 25.8 15:36 11.7 07:41 1.3 1.8 0.0 5.9 29.0 22:21 SE
11 20.2 29.2 15:55 13.0 06:49 1.5 3.4 0.0 10.1 29.0 04:22 SSE
12 22.1 30.1 15:07 10.7 07:40 0.9 4.7 0.0 3.4 33.8 15:39 W
13 23.3 31.5 14:13 16.7 06:23 0.2 5.2 0.0 4.2 32.2 15:38 WSW
14 21.5 27.6 15:49 16.4 07:49 0.1 3.4 0.0 10.4 45.1 05:26 E
15 21.7 29.8 16:05 15.9 06:10 0.5 3.9 0.0 10.5 33.8 01:23 E
16 19.9 29.3 14:47 14.2 06:53 0.9 2.4 3.0 3.9 32.2 16:52 N
17 18.1 25.8 12:22 14.7 07:15 1.5 1.3 9.6 2.7 27.4 07:25 N
18 20.0 28.6 15:14 13.2 07:12 1.2 2.9 0.0 2.7 24.1 11:09 NNE
19 19.6 25.9 16:42 15.4 02:44 0.6 2.0 0.0 1.7 19.3 15:47 NW
20 20.0 27.4 14:26 13.6 07:46 1.1 2.8 0.0 3.0 30.6 15:36 WSW
21 18.6 24.8 14:59 13.4 07:23 1.1 1.5 0.0 4.3 24.1 04:11 SW
22 18.2 24.6 15:45 11.7 07:03 1.9 1.8 0.0 1.6 17.7 15:06 NW
23 20.3 28.8 14:59 11.3 07:42 1.9 3.9 0.0 1.6 20.9 11:33 NNW
24 13.7 21.1 00:00 11.1 12:09 4.8 0.2 32.4 7.0 49.9 07:36 SSE
25 18.3 27.1 15:15 10.8 02:42 2.6 2.6 0.0 1.7 20.9 17:22 NNW
26 20.7 28.4 15:20 14.1 07:04 1.0 3.4 0.0 2.5 29.0 18:00 NNW
27 20.9 28.3 13:31 17.0 23:58 0.2 2.8 6.2 2.4 25.7 15:11 E
28 19.9 26.1 16:56 16.6 00:46 0.5 2.2 0.0 1.7 17.7 14:03 NNE
29 21.1 30.1 15:17 13.4 07:27 0.9 3.7 0.0 1.1 22.5 16:10 NNW
30 21.0 29.6 16:00 13.6 07:22 1.2 3.9 0.0 2.6 27.4 22:35 NE
----------------------------------------------------------------------------------
20.7 31.7 6 10.3 1 30.7 104.1 52.8 4.1 49.9 24 ESE
Max >= 27.0 23
Max <= 0.0 0
Min <= 0.0 0
Min <= -18.0 0
Max Rain: 32.4 on day 24
Days of Rain: 5 (>= 0.2 mm) 4 (>= 2.0 mm) 1 (>= 20.0 mm)
Heat Base: 18.3 Cool Base: 18.3 Method: Integration