NOAA-style Climate Reports

   V/Λ SELECT: Month and Year   OR  >   Month
V/Λ2022 > Jan Feb Mar Apr May Jun Jul Aug Sep Oct Nov Dec
V/Λ2021 > Jan Feb Mar Apr May Jun Jul Aug Sep Oct Nov Dec
V/Λ2020 > Jan Feb Mar Apr May Jun Jul Aug Sep Oct Nov Dec
                   Monthly Climatological Summary for May 2022

Name: Etosha King Nehale Lodge   City: Omuthiya   State: Oshikoto
Elevation: 1085 m  Lat: S 18° 29' 36"   Lon: E 016° 43' 40"

                  Temperature (°C), Rain (mm), Wind Speed (km/h)

                                      Heat  Cool        Avg
    Mean                              Deg   Deg         Wind                 Dom
Day Temp  High   Time   Low    Time   Days  Days  Rain  Speed High   Time    Dir
----------------------------------------------------------------------------------
01  22.1  31.5   13:18  14.6   07:22   0.8   4.6   0.0   4.4  23.0   10:51     E
02  20.6  30.2   14:19  12.5   05:41   1.6   3.9   0.0   6.0  27.0   11:25     E
03  19.7  29.1   15:06  12.7   06:45   1.9   3.3   0.0   5.9  29.0   10:45     E
04  18.5  28.2   15:43   8.9   06:55   2.9   3.1   0.0   5.6  27.0   10:39     E
05  18.6  28.5   14:20   9.2   07:12   2.8   3.2   0.0   5.0  26.0   11:46     E
06  19.7  30.1   14:58   9.7   07:05   2.5   3.9   0.0   3.4  29.0   11:05   ENE
07  20.8  31.1   14:52  11.1   06:20   1.8   4.4   0.0   2.4  19.0   13:11    NW
08  20.4  30.8   14:44  10.2   07:08   2.0   4.1   0.0   1.9  18.0   13:30   SSW
09  20.2  31.3   14:34   9.5   06:53   2.3   4.2   0.0   3.5  18.0   09:30     E
10  20.9  31.8   15:13   9.8   07:08   2.2   4.8   0.0   3.1  23.0   09:19   ENE
11  20.3  31.7   15:51   9.3   05:34   2.4   4.4   0.0   2.1  18.0   14:38   ENE
12  20.2  31.8   14:06   9.7   04:35   2.6   4.5   0.0   1.7  19.0   12:44    NE
13  19.9  31.5   14:22   9.4   07:12   2.7   4.3   0.0   2.1  18.0   12:24   ENE
14  20.4  31.1   14:07   9.2   06:37   2.3   4.5   0.0   2.5  19.0   12:49     E
15  21.5  32.5   14:31  10.4   07:16   1.6   4.8   0.0   4.7  31.0   12:21     E
16  21.1  29.6   13:29  13.6   23:40   0.9   3.7   0.0   6.1  32.0   10:25     E
17  19.4  27.8   12:56  12.9   01:18   1.7   2.9   0.0   5.6  32.0   16:43     E
18  18.7  28.4   14:37   9.3   07:22   2.6   3.0   0.0   3.9  26.0   11:47     E
----------------------------------------------------------------------------------
    20.2  32.5    15     8.9     4    37.6  71.6   0.0   3.9  32.0    16       E

Max >=  27.0 18
Max <=   0.0  0
Min <=   0.0  0
Min <= -18.0  0
Max Rain: 0.0 on day 0
Days of Rain: 0 (>= 0.2 mm)  0 (>= 2.0 mm)  0 (>= 20.0 mm)
Heat Base: 18.3  Cool Base: 18.3  Method: Integration

powered by CumulusMX v3.11.1 (b3130) Valid HTML5    Last Cumulus update   07:26:30