V/Λ SELECT: Month and Year
OR > Month
Monthly Climatological Summary for Nov 2022
Name: Etosha King Nehale Lodge City: Omuthiya State: Oshikoto
Elevation: 1085 m Lat: S 18° 29' 36" Lon: E 016° 43' 40"
Temperature (°C), Rain (mm), Wind Speed (km/h)
Heat Cool Avg
Mean Deg Deg Wind Dom
Day Temp High Time Low Time Days Days Rain Speed High Time Dir
----------------------------------------------------------------------------------
01 28.8 38.1 14:52 17.2 06:01 0.0 10.5 0.0 3.5 24.0 21:57 WNW
02 29.0 37.3 15:12 20.1 04:24 0.0 10.6 0.0 4.9 24.0 23:06 NW
03 28.7 37.1 15:28 21.2 06:11 0.0 10.4 0.0 5.9 32.0 13:54 NW
04 26.5 34.9 14:59 16.8 04:54 0.1 8.3 0.0 4.9 29.0 16:36 WSW
05 27.0 37.1 14:33 16.7 06:20 0.1 8.8 0.0 5.0 31.0 20:04 SW
06 26.5 35.1 14:03 20.9 05:05 0.0 8.1 0.0 5.5 27.0 17:47 S
07 25.0 33.4 14:58 17.4 05:26 0.0 6.7 0.0 6.1 27.0 00:12 S
08 26.1 36.0 13:23 13.3 06:24 0.6 8.4 0.0 3.0 23.0 14:14 W
09 26.3 36.7 16:07 14.3 06:15 0.5 8.5 0.0 3.7 21.0 15:34 SW
10 28.1 38.5 15:24 17.2 06:04 0.1 9.9 0.0 3.7 27.0 15:43 W
11 27.8 37.2 15:23 17.9 05:37 0.0 9.5 0.0 4.8 27.0 13:43 WSW
12 25.3 35.2 16:27 13.9 06:10 0.5 7.4 0.0 3.7 23.0 14:50 WSW
13 24.2 35.3 15:38 11.4 05:56 1.2 7.1 0.0 3.6 26.0 15:35 W
14 27.0 39.3 15:13 11.9 05:02 0.9 9.6 0.0 3.4 34.0 17:06 WSW
15 28.6 40.4 17:02 17.7 06:26 0.0 10.3 3.0 5.5 40.0 17:34 ENE
16 28.7 38.8 15:49 18.8 19:05 0.0 10.4 28.2 6.4 58.0 18:17 ENE
17 27.8 37.4 15:19 21.1 02:59 0.0 9.5 0.8 3.5 35.0 17:44 SW
18 30.8 40.0 17:01 20.3 06:06 0.0 12.5 0.0 5.7 27.0 09:53 ESE
19 30.2 39.8 15:07 22.3 06:19 0.0 11.9 0.4 5.3 31.0 18:22 SW
20 30.6 39.8 16:38 24.3 05:30 0.0 12.3 0.0 4.9 27.0 14:12 ESE
21 29.0 36.7 14:57 22.3 05:50 0.0 10.7 0.2 6.9 32.0 15:01 SW
22 27.4 35.3 17:19 18.7 06:11 0.0 9.1 0.0 4.4 23.0 22:55 W
23 28.7 37.7 15:23 20.4 05:31 0.0 10.4 0.0 5.4 37.0 19:56 N
24 26.3 34.2 16:58 19.4 04:25 0.0 8.0 1.0 6.0 32.0 04:22 SE
25 28.4 37.9 15:18 19.2 06:16 0.0 10.1 0.0 4.9 31.0 21:31 NNE
26 28.2 36.3 16:28 18.6 03:05 0.0 9.8 4.8 4.8 37.0 02:36 SW
27 29.6 37.7 15:14 21.8 05:25 0.0 11.4 0.0 4.1 23.0 21:49 NW
28 28.9 37.7 14:21 21.3 06:13 0.0 10.6 1.8 5.9 31.0 18:30 N
29 28.2 37.0 15:54 20.6 03:41 0.0 9.9 2.6 5.2 27.0 14:52 ESE
30 28.9 37.6 14:40 19.8 06:22 0.0 10.6 0.0 8.4 34.0 15:25 E
----------------------------------------------------------------------------------
27.9 40.4 15 11.4 13 4.0 291.3 42.8 5.0 58.0 16 WSW
Max >= 27.0 30
Max <= 0.0 0
Min <= 0.0 0
Min <= -18.0 0
Max Rain: 28.2 on day 16
Days of Rain: 9 (>= 0.2 mm) 4 (>= 2.0 mm) 1 (>= 20.0 mm)
Heat Base: 18.3 Cool Base: 18.3 Method: Integration