NOAA-style Climate Reports

   V/Λ SELECT: Month and Year   OR  >   Month
V/Λ2022 > Jan Feb Mar Apr May Jun Jul Aug Sep Oct Nov Dec
V/Λ2021 > Jan Feb Mar Apr May Jun Jul Aug Sep Oct Nov Dec
V/Λ2020 > Jan Feb Mar Apr May Jun Jul Aug Sep Oct Nov Dec
                   Monthly Climatological Summary for Aug 2022

Name: Omuramba Hunting Lodge   City: Gobabis   State: Omaheke
Elevation: 1438 m  Lat: S 21° 26' 32"   Lon: E 019° 16' 38"

                  Temperature (°C), Rain (mm), Wind Speed (km/h)

                                      Heat  Cool        Avg
    Mean                              Deg   Deg         Wind                 Dom
Day Temp  High   Time   Low    Time   Days  Days  Rain  Speed High   Time    Dir
----------------------------------------------------------------------------------
01  16.5  25.2   15:30   6.5   05:49   3.9   2.2   0.0   7.9  51.5   13:00     N
02  14.2  22.9   15:21   5.2   21:29   5.0   1.0   0.0   6.2  49.9   14:13    NW
03  12.0  26.1   16:20  -3.0   07:04   8.0   1.8   0.0   4.1  30.6   13:09   WNW
04  13.9  27.5   15:47   1.4   06:28   6.6   2.2   0.0   1.5  19.3   14:52     W
05  16.3  27.5   15:34   5.4   04:10   4.8   2.7   0.0   1.7  20.9   16:49   NNE
06  17.1  29.3   16:12   5.6   07:02   4.7   3.5   0.0   2.5  25.7   10:25     N
07  19.1  29.8   16:39   7.9   05:56   3.1   3.8   0.0   3.8  29.0   12:13    NW
08  18.9  29.5   16:12   0.0   00:00   2.7   3.3   0.0   2.2  16.1   11:40   SSE
09  16.9  29.2   17:27   4.7   07:01   4.8   3.4   0.0   1.8  19.3   11:41   NNE
10  16.8  29.8   17:00   6.9   02:52   5.0   3.5   0.0   1.8  19.3   11:38   NNW
11  18.0  29.8   15:38   4.5   07:05   4.0   3.7   0.0   2.5  22.5   10:08     N
12  17.5  30.6   16:29   5.3   04:40   4.8   4.1   0.0   2.4  22.5   12:16    NW
13  18.2  30.9   15:33   6.1   04:33   3.8   3.7   0.0   3.8  35.4   13:40     W
----------------------------------------------------------------------------------
    16.6  30.9    13    -3.0     3    61.2  38.9   0.0   3.3  51.5     1     NNW

Max >=  27.0 10
Max <=   0.0  0
Min <=   0.0  2
Min <= -18.0  0
Max Rain: 0.0 on day 0
Days of Rain: 0 (>= 0.2 mm)  0 (>= 2.0 mm)  0 (>= 20.0 mm)
Heat Base: 18.3  Cool Base: 18.3  Method: Integration

Powered by  Davis Vantage Pro2  and   CumulusMX  v3.8.3 (b3093)    Valid HTML5