V/Λ SELECT: Month and Year
OR > Month
Annual Climatological Summary for 2022
Name: Omuramba Hunting Lodge City: Gobabis State: Omaheke
Elevation: 1438 m Lat: S 21° 26' 32" Lon: E 019° 16' 38"
Temperature (°C), Heat Base: 18.3 Cool Base: 18.3
Dep. Heat Cool Max Max Min Min
Mean Mean From Deg Deg >= <= <= <=
YR MO Max Min Mean Norm Days Days Hi Date Low Date 27.0 0.0 0.0 -18.0
------------------------------------------------------------------------------------
22 1 27.2 14.7 21.6 0.0 3 158 35.8 1 0.0 17 29 4 7 0
22 2 23.4 10.4 18.6 0.0 4 120 33.4 23 0.0 6 26 8 15 0
22 3 24.1 11.8 19.4 0.0 14 80 29.5 5 0.0 1 18 3 9 0
22 4 23.3 9.3 16.8 0.0 52 77 29.7 14 0.0 1 21 5 9 0
22 5 22.2 4.5 13.1 0.0 165 58 27.9 11 -0.2 22 9 4 6 0
22 6 21.4 3.5 12.4 0.0 193 21 25.9 18 -1.8 9 0 0 1 0
22 7 23.4 4.8 14.5 0.0 158 41 26.4 26 -0.7 17 0 0 2 0
22 8 25.8 5.5 16.0 0.0 127 90 30.9 13 -3.0 3 20 2 6 0
22 9 30.8 10.7 21.0 0.0 64 136 34.4 30 2.3 22 27 0 0 0
22 10 31.7 14.8 24.0 0.0 17 188 35.9 5 0.0 27 30 1 3 0
22 11 24.1 10.2 19.6 0.0 4 153 34.7 19 0.0 2 27 9 18 0
22 12 26.2 10.7 21.0 0.0 2 181 35.9 20 0.0 1 29 7 17 0
------------------------------------------------------------------------------------
25.2 9.3 18.2 0.0 802 1303 35.9 Oct -3.0 Aug 236 43 93 0
Precipitation (mm)
Dep. Max Days of Rain
From Obs. >=
YR MO Total Norm Day Date 0.2 2.0 20.0
---------------------------------------------
22 1 52.6 0.0 16.4 18 11 6 0
22 2 43.8 0.0 16.6 27 7 5 0
22 3 46.8 0.0 13.4 19 12 8 0
22 4 17.2 0.0 10.4 4 5 3 0
22 5 0.0 0.0 0.0 0 0 0 0
22 6 0.4 0.0 0.2 29 2 0 0
22 7 0.0 0.0 0.0 0 0 0 0
22 8 0.0 0.0 0.0 0 0 0 0
22 9 0.0 0.0 0.0 0 0 0 0
22 10 28.2 0.0 13.2 17 6 4 0
22 11 20.6 0.0 18.2 3 6 1 0
22 12 0.0 0.0 0.0 0 0 0 0
---------------------------------------------
209.6 0.0 18.2 Nov 49 27 0
Wind Speed (km/h)
Dom
YR MO Avg. Hi Date Dir
------------------------------
22 1 2.6 41.8 29 E
22 2 2.7 45.1 25 ENE
22 3 2.0 45.1 30 NE
22 4 2.2 49.9 2 N
22 5 2.2 32.2 21 NE
22 6 3.7 46.7 13 NE
22 7 2.9 40.2 9 NNE
22 8 3.6 51.5 1 N
22 9 4.1 45.1 25 E
22 10 3.5 48.3 5 NNE
22 11 3.6 54.7 3 NNE
22 12 3.1 41.8 7 NNE
------------------------------
3.0 54.7 Nov NE