NOAA-style Climate Reports

   V/Λ SELECT: Month and Year   OR  >   Month
V/Λ2022 > Jan Feb Mar Apr May Jun Jul Aug Sep Oct Nov Dec
V/Λ2021 > Jan Feb Mar Apr May Jun Jul Aug Sep Oct Nov Dec
V/Λ2020 > Jan Feb Mar Apr May Jun Jul Aug Sep Oct Nov Dec
                   Annual Climatological Summary for 2021

Name: Omuramba Hunting Lodge   City: Gobabis   State: Omaheke
Elevation: 1438 m  Lat: S 21° 26' 32"   Lon: E 019° 16' 38"

                  Temperature (°C), Heat Base: 18.3  Cool Base: 18.3
                          Dep.  Heat  Cool                       Max  Max  Min  Min
        Mean  Mean        From  Deg   Deg                        >=   <=   <=   <=
 YR MO  Max   Min   Mean  Norm  Days  Days  Hi  Date  Low  Date 27.0  0.0  0.0 -18.0
------------------------------------------------------------------------------------
 21  1  14.7   6.3  12.1   0.0     0    59  31.3  18   0.0    1   17   21   32    0
 21  2  18.4   9.5  14.5   0.0     7    56  31.8  19   0.0    1   12   11   16    0
 21  3  15.5   7.0  12.4   0.0    14    58  31.3  11   0.0    2   16   18   25    0
 21  4  17.6   7.1  12.7   0.0    56    66  29.8   5   0.0    6   11   13   15    0
 21  5  19.7   4.1  12.1   0.0   144    48  26.8   8   0.0    1    0    7    9    0
 21  6  22.7   2.6  12.6   0.0   196    30  27.1  28  -1.9    3    1    0    2    0
 21  7  21.7   0.6  10.9   0.0   250    23  26.1   4  -5.3   14    0    0   11    0
 21  8  27.1   5.9  16.3   0.0   142    81  31.1  27  -2.4   30   20    0    1    0
 21  9  31.4  10.5  21.4   0.0    54   143  34.0  25   4.2    1   30    0    0    0
 21 10  31.1  12.6  21.9   0.0    38   149  35.5  15   6.9    4   27    0    0    0
 21 11  32.4  15.1  24.5   0.0    11   204  35.9   5   0.0   28   29    1    2    0
 21 12  27.0  12.9  21.0   0.0     5   161  35.3  31   0.0   12   29    5   10    0
------------------------------------------------------------------------------------
        22.6   7.8  15.7   0.0   916  1077  35.9 Nov  -5.3  Jul  192   76  123    0

                                Precipitation (mm)

              Dep.   Max        Days of Rain
              From   Obs.           >=
 YR MO Total  Norm   Day Date  0.2  2.0 20.0
---------------------------------------------
 21  1  65.0   0.0  13.6   3    14    9    0
 21  2  73.8   0.0  21.0  10    15    8    1
 21  3   5.2   0.0   4.0  11     5    1    0
 21  4   4.2   0.0   4.2  12     1    1    0
 21  5   0.0   0.0   0.0   0     0    0    0
 21  6   0.0   0.0   0.0   0     0    0    0
 21  7   0.0   0.0   0.0   0     0    0    0
 21  8   0.2   0.0   0.2  26     1    0    0
 21  9   1.0   0.0   1.0  20     1    0    0
 21 10  50.4   0.0  27.6  21     6    5    1
 21 11   3.2   0.0   1.6  11     4    0    0
 21 12  26.4   0.0   9.0  21    11    6    0
---------------------------------------------
       229.4   0.0  27.6  Oct   58   30    2

                                Wind Speed (km/h)
                          Dom
 YR MO   Avg.  Hi   Date  Dir
------------------------------
 21  1   1.3  40.2   14     N
 21  2   1.0  32.2   10   SSE
 21  3   0.5  37.0   26   NNE
 21  4   0.8  35.4   11    NE
 21  5   2.1  37.0   25    NE
 21  6   3.3  40.2   29   NNE
 21  7   3.0  41.8   12   ENE
 21  8   3.9  48.3   20     N
 21  9   3.6  38.6    3     N
 21 10   4.7  48.3   25   NNW
 21 11   4.5  43.5   27    NW
 21 12   4.3  53.1   28   NNW
------------------------------
         2.6  53.1  Dec     N

Powered by  Davis Vantage Pro2  and   CumulusMX  v3.8.3 (b3093)    Valid HTML5