NOAA-style Climate Reports

   V/Λ SELECT: Month and Year   OR  >   Month
V/Λ2022 > Jan Feb Mar Apr May Jun Jul Aug Sep Oct Nov Dec
V/Λ2021 > Jan Feb Mar Apr May Jun Jul Aug Sep Oct Nov Dec
V/Λ2020 > Jan Feb Mar Apr May Jun Jul Aug Sep Oct Nov Dec
                   Monthly Climatological Summary for Nov 2021

Name: Omuramba Hunting Lodge   City: Gobabis   State: Omaheke
Elevation: 1438 m  Lat: S 21° 26' 32"   Lon: E 019° 16' 38"

                  Temperature (°C), Rain (mm), Wind Speed (km/h)

                                      Heat  Cool        Avg
    Mean                              Deg   Deg         Wind                 Dom
Day Temp  High   Time   Low    Time   Days  Days  Rain  Speed High   Time    Dir
----------------------------------------------------------------------------------
01  25.9  34.6   15:43  13.8   00:49   0.8   8.2   0.0   4.8  24.1   08:06    SW
02  27.0  34.0   16:18  16.9   23:39   0.1   7.0   0.0   3.6  37.0   16:22   WNW
03  24.0  34.9   15:22  11.2   06:05   1.1   6.8   0.0   3.9  29.0   17:15     S
04  26.0  35.7   15:27  15.6   05:53   0.2   7.9   0.0   5.0  27.4   15:15   SSW
05  27.1  35.9   15:41  16.2   06:30   0.1   8.7   0.0   5.2  32.2   12:22   SSE
06  29.3  35.1   15:05  17.8   06:37   0.0  11.0   0.0   3.3  30.6   15:20   NNW
07  27.3  34.4   00:00  20.8   22:18   0.0   6.3   0.0   5.7  38.6   13:30     N
08  25.4  33.5   17:03  17.4   23:57   0.0   7.1   0.0   5.5  30.6   15:09   WSW
09  20.9  30.2   16:16  14.9   02:51   1.2   3.8   0.0   3.0  20.9   08:51   ESE
10  23.6  33.2   16:20  11.7   06:13   1.1   6.4   0.0   3.8  30.6   14:41   NNE
11  24.7  33.9   13:30  17.2   02:08   0.0   6.3   1.6   4.2  33.8   16:49    NE
12  24.7  32.2   11:16  17.6   05:47   0.1   6.1   0.0   4.4  27.4   19:34   WSW
13  24.7  32.6   12:48  18.2   23:56   0.0   6.4   0.0   4.1  32.2   01:48   NNW
14  24.9  34.9   15:10  14.2   05:53   0.5   7.1   0.0   2.4  22.5   15:34   ENE
15  25.5  33.6   13:22  15.4   06:22   0.2   7.0   0.0   3.2  29.0   02:24   NNE
16  27.5  34.6   14:46  18.9   23:38   0.0   7.6   0.4   4.4  32.2   23:15     E
17  21.8  26.5   12:17  18.6   00:53   0.0   1.8   1.0   2.2  25.7   12:41    NW
18  24.8  33.7   16:25  14.5   05:43   0.4   6.8   0.0   3.1  22.5   08:15   SSW
19  26.2  33.7   15:17  20.9   02:54   0.0   7.7   0.0   2.6  25.7   15:41     S
20  26.2  33.2   13:59  17.4   05:56   0.0   8.1   0.2   4.4  29.0   14:50   ESE
21  25.2  33.9   15:27  17.9   02:53   0.1   7.0   0.0   3.9  29.0   13:52   WNW
22  22.7  32.4   14:49  12.3   06:11   1.0   5.3   0.0   5.7  41.8   15:20     W
23  22.0  31.4   16:35  11.9   05:37   1.1   4.7   0.0   6.3  29.0   08:23     S
24  22.8  33.4   16:34   9.7   05:39   2.0   6.4   0.0   3.2  33.8   13:16     N
25  24.6  34.2   15:48  12.6   06:09   0.8   7.0   0.0   5.2  35.4   13:08     W
26  28.2  34.8   15:02  17.8   01:36   0.0   7.4   0.0   6.0  35.4   13:39   NNW
27  25.2  33.6   15:53  17.1   06:10   0.1   6.9   0.0   8.4  43.5   18:05   NNW
28  25.2  31.6   15:23  21.2   02:57   0.0   6.3   0.0   5.3  32.2   12:36     N
29  27.9  33.0   14:36   0.0   00:00   0.0   6.5   0.0   8.0  32.2   13:43   NNW
30  26.8  35.4   14:30  19.1   05:39   0.0   8.2   0.0   3.9  32.2   14:50    SE
----------------------------------------------------------------------------------
    25.3  35.9     5     0.0    29    10.9 203.8   3.2   4.5  43.5    27      NW

Max >=  27.0 29
Max <=   0.0  0
Min <=   0.0  1
Min <= -18.0  0
Max Rain: 1.6 on day 11
Days of Rain: 4 (>= 0.2 mm)  0 (>= 2.0 mm)  0 (>= 20.0 mm)
Heat Base: 18.3  Cool Base: 18.3  Method: Integration

Powered by  Davis Vantage Pro2  and   CumulusMX  v3.8.3 (b3093)    Valid HTML5