V/Λ SELECT: Month and Year
OR > Month
Monthly Climatological Summary for Jan 2024
Name: Omuramba Hunting Lodge City: Gobabis State: Omaheke
Elevation: 1438 m Lat: S 21° 26' 32" Lon: E 019° 16' 38"
Temperature (°C), Rain (mm), Wind Speed (km/h)
Heat Cool Avg
Mean Deg Deg Wind Dom
Day Temp High Time Low Time Days Days Rain Speed High Time Dir
----------------------------------------------------------------------------------
01 28.6 36.9 14:39 19.8 05:45 0.0 10.3 0.0 9.4 35.4 08:32 S
02 27.8 35.2 16:22 19.4 05:43 0.0 9.5 0.0 3.6 25.7 10:38 ENE
03 26.1 31.6 14:08 21.3 06:09 0.0 7.8 1.2 2.7 35.4 15:29 NNW
04 23.3 32.2 14:06 18.7 05:42 0.0 4.9 0.8 3.7 27.4 17:02 NE
05 25.4 33.9 16:19 19.6 00:18 0.0 7.1 0.2 4.8 30.6 20:16 NW
06 25.9 32.9 16:31 17.4 06:23 0.1 7.8 0.0 4.1 32.2 13:44 NNE
07 24.9 31.8 16:28 19.2 03:52 0.0 6.5 0.0 5.1 27.4 18:07 SSE
08 23.8 31.3 13:42 19.2 22:47 0.0 5.4 10.0 4.7 33.8 12:46 N
09 22.7 30.2 14:33 17.9 06:26 0.0 4.5 4.6 5.9 37.0 15:12 NNW
10 24.8 32.7 16:28 20.1 06:35 0.0 6.4 0.0 6.2 45.1 17:49 NW
11 25.6 33.0 17:37 20.6 06:37 0.0 7.3 0.0 4.9 32.2 19:59 N
12 24.8 30.7 13:12 20.1 05:13 0.0 6.5 0.0 5.0 33.8 17:02 NE
13 25.6 32.5 15:14 19.1 04:42 0.0 7.3 0.0 2.9 25.7 15:41 ESE
14 26.7 33.6 15:12 18.6 06:12 0.0 8.2 0.0 2.8 27.4 18:26 E
15 26.9 34.7 16:21 18.9 06:27 0.0 8.6 0.0 4.2 30.6 13:29 ENE
16 24.3 32.1 15:46 18.8 00:00 0.0 6.0 5.0 5.5 45.1 11:47 NNE
17 23.7 33.2 17:07 18.2 03:30 0.0 5.3 8.8 3.5 35.4 13:07 SSE
18 25.6 33.7 15:26 18.9 06:30 0.0 7.2 0.0 1.8 17.7 14:59 SW
19 22.3 31.4 16:03 16.8 20:29 0.2 4.1 8.0 3.5 40.2 17:30 E
20 20.6 28.9 14:51 16.3 06:28 0.4 2.7 8.2 1.4 35.4 16:41 ENE
21 23.0 30.7 15:48 15.2 06:11 0.6 5.3 0.0 0.1 24.1 15:48 E
22 24.4 32.2 16:08 16.7 06:27 0.1 6.3 0.0 0.8 16.1 09:24 NNE
23 25.9 33.5 14:59 17.6 06:48 0.0 7.6 0.0 0.9 22.5 13:33 NE
24 24.9 31.8 15:39 17.4 06:32 0.0 6.6 0.0 2.1 29.0 09:39 ENE
25 25.7 33.7 16:19 16.9 06:19 0.1 7.5 0.0 2.6 24.1 14:09 NNE
26 26.6 34.7 15:55 17.4 04:29 0.1 8.4 0.0 3.2 29.0 14:43 N
27 26.0 31.8 12:14 21.2 06:30 0.0 7.4 0.8 3.5 33.8 12:01 NNW
28 24.1 32.6 15:48 18.6 01:30 0.0 5.3 2.8 1.8 30.6 16:02 WSW
29 24.0 31.1 16:19 19.5 23:30 0.0 5.7 0.0 1.8 25.7 00:33 SSW
30 24.8 33.0 16:25 18.8 06:28 0.0 6.3 4.6 ---- 35.4 22:13 S
31 22.7 30.6 13:19 18.6 06:55 0.0 4.4 3.4 ---- 24.1 14:18 NE
----------------------------------------------------------------------------------
24.9 36.9 1 15.2 21 1.6 204.2 58.4 3.5 45.1 10 NNE
Max >= 27.0 31
Max <= 0.0 0
Min <= 0.0 0
Min <= -18.0 0
Max Rain: 10.0 on day 8
Days of Rain: 13 (>= 0.2 mm) 9 (>= 2.0 mm) 0 (>= 20.0 mm)
Heat Base: 18.3 Cool Base: 18.3 Method: Integration