V/Λ SELECT: Month and Year
OR > Month
Monthly Climatological Summary for Apr 2024
Name: Canyon Roadhouse City: Hobas State: Hardap
Elevation: 815 m Lat: S 27° 31' 28" Lon: E 017° 48' 53"
Temperature (°C), Rain (mm), Wind Speed (km/h)
Heat Cool Avg
Mean Deg Deg Wind Dom
Day Temp High Time Low Time Days Days Rain Speed High Time Dir
----------------------------------------------------------------------------------
01 23.8 30.7 15:25 17.4 07:40 0.0 5.5 0.0 6.9 32.2 17:13 SW
02 24.0 33.2 16:18 16.6 06:10 0.2 6.0 0.0 6.6 32.2 17:58 SW
03 26.0 33.4 16:19 21.0 05:49 0.0 7.7 0.6 7.1 43.5 16:58 N
04 26.7 32.7 14:13 21.1 23:55 0.0 8.4 0.0 9.6 35.4 12:11 WNW
05 22.3 30.0 16:18 15.3 07:32 0.5 4.5 0.0 10.6 27.4 11:33 SSW
06 18.7 26.4 14:12 11.9 23:22 1.6 2.0 0.0 13.0 38.6 15:31 SSW
07 14.3 18.7 11:59 9.1 05:33 4.0 0.0 0.0 7.3 33.8 13:06 WSW
08 15.4 20.3 13:04 12.3 01:20 3.0 0.1 0.0 10.8 33.8 11:48 SW
09 16.1 23.4 16:14 9.7 07:48 3.3 1.1 0.0 9.6 32.2 13:42 S
10 20.3 28.1 17:05 12.0 07:44 1.6 3.5 0.0 5.4 25.7 23:26 S
11 23.5 30.8 16:34 16.1 05:07 0.2 5.4 0.0 6.4 29.0 20:33 E
12 24.3 32.0 17:06 16.9 07:55 0.1 6.1 0.0 7.0 38.6 12:06 N
13 24.8 33.2 16:35 17.0 06:04 0.1 6.6 0.0 7.4 33.8 15:40 W
14 22.3 31.4 16:12 14.1 06:03 0.9 4.9 0.0 5.2 27.4 18:18 SW
15 20.8 29.3 15:42 12.0 07:45 1.4 3.9 0.0 4.1 20.9 16:05 SSW
16 19.8 29.2 16:32 10.6 05:32 2.0 3.5 0.0 4.3 22.5 14:18 SSW
17 21.1 31.8 17:29 10.4 06:00 2.1 4.9 0.0 5.1 25.7 21:25 SE
18 23.9 34.3 17:07 13.5 03:37 0.7 6.3 0.0 4.8 27.4 13:51 N
19 27.2 36.6 16:18 18.9 01:39 0.0 8.9 0.0 6.7 30.6 12:38 NW
----------------------------------------------------------------------------------
21.9 36.6 19 9.1 7 21.7 89.3 0.6 7.3 43.5 3 SW
Max >= 27.0 15
Max <= 0.0 0
Min <= 0.0 0
Min <= -18.0 0
Max Rain: 0.6 on day 3
Days of Rain: 1 (>= 0.2 mm) 0 (>= 2.0 mm) 0 (>= 20.0 mm)
Heat Base: 18.3 Cool Base: 18.3 Method: Integration