NOAA-style Climate Reports

   V/Λ SELECT: Month and Year   OR  >   Month
V/Λ2022 > Jan Feb Mar Apr May Jun Jul Aug Sep Oct Nov Dec
V/Λ2021 > Jan Feb Mar Apr May Jun Jul Aug Sep Oct Nov Dec
V/Λ2020 > Jan Feb Mar Apr May Jun Jul Aug Sep Oct Nov Dec
                   Monthly Climatological Summary for Mar 2021

Name: Canyon Roadhouse   City: Hobas   State: Hardap
Elevation: 815 m  Lat: S 27° 31' 28"   Lon: E 017° 48' 53"

                  Temperature (°C), Rain (mm), Wind Speed (km/h)

                                      Heat  Cool        Avg
    Mean                              Deg   Deg         Wind                 Dom
Day Temp  High   Time   Low    Time   Days  Days  Rain  Speed High   Time    Dir
----------------------------------------------------------------------------------
01  27.1  35.1   15:04  21.6   23:35   0.0   8.8   0.8   7.2  61.2   16:03     N
02  26.9  34.3   14:51  19.2   04:32   0.0   8.6   0.0   6.8  35.4   10:35     N
03  28.7  37.3   16:58  19.3   06:55   0.0  10.4   0.0   8.8  40.2   19:04     W
04  27.8  36.0   14:12  19.7   05:52   0.0   9.5   0.0   7.5  37.0   18:02   SSW
05  26.5  35.7   16:38  16.6   06:54   0.1   8.3   0.0   7.9  38.6   19:16   SSW
06  26.9  34.9   16:11  16.3   06:38   0.2   8.8   0.0   6.6  33.8   18:36   SSW
07  27.1  35.9   16:31  17.5   06:45   0.0   8.8   0.0   8.0  38.6   17:54    SW
08  22.6  30.3   15:54  15.0   07:04   0.3   4.6   0.0  12.4  37.0   18:16   SSW
09  21.3  30.2   16:56  11.5   06:39   1.3   4.3   0.0   7.1  27.4   19:10   SSW
10  23.0  31.2   16:35  14.3   06:26   0.7   5.3   0.0   9.0  32.2   17:26   SSW
11  24.7  33.9   17:24  14.0   06:48   0.5   6.9   0.0   5.3  27.4   23:23    SW
12  28.0  38.3   16:42  17.1   06:59   0.0   9.7   0.0   9.5  38.6   16:32   WSW
13  27.7  35.6   16:10  20.8   06:45   0.0   9.4   0.0  12.2  40.2   18:20    SW
14  24.5  34.2   16:36  17.1   07:09   0.0   6.2   0.0   6.3  40.2   17:33    SW
15  21.0  29.1   16:45  14.3   06:47   1.0   3.7   0.0  ----  33.8   12:01   SSW
16  23.0  32.7   17:06  15.0   06:57   0.6   5.3   0.0  ----  35.4   16:46   SSW
17  23.7  32.6   16:02  15.9   07:01   0.3   5.6   0.0  ----  30.6   16:03   SSW
18  22.6  33.4   17:00  12.6   07:05   1.0   5.3   0.0  ----  35.4   18:21   SSW
19  23.6  33.5   16:12  15.7   05:52   0.5   5.7   0.0  ----  33.8   19:12   SSW
20  24.0  30.9   16:13  19.2   08:25   0.0   5.7   0.2  ----  33.8   17:20   SSW
21  24.9  33.6   16:14  14.8   07:02   0.5   7.1   0.0  ----  27.4   17:43   SSW
22  26.1  35.3   16:51  20.2   04:15   0.0   7.8   2.4  ----  93.3   18:06   WSW
23  24.1  31.8   15:05  19.6   06:55   0.0   5.9   1.6  ----  56.3   16:39   NNE
24  25.1  32.2   15:15  17.2   07:00   0.1   6.8   0.0  ----  35.4   16:02    SE
25  25.1  32.3   16:50  17.6   06:27   0.0   6.8   0.0  ----  24.1   00:17     E
26  23.0  30.1   14:42  17.1   06:53   0.1   4.8   0.0  ----  38.6   15:52   SSE
27  20.1  27.8   16:15  12.7   06:57   1.6   3.3   0.0  ----  32.2   16:22     S
28  23.8  32.1   16:37  15.3   04:55   0.4   5.9   0.0  ----  38.6   15:09   WSW
29  25.5  35.4   17:09  15.7   04:53   0.3   7.4   0.0  ----  43.5   17:38     W
30  25.1  34.5   16:56  14.8   06:47   0.4   7.2   0.0  ----  35.4   18:55    SW
31  25.9  34.1   16:30  17.4   06:49   0.0   7.6   0.0  ----  35.4   17:57    SW
----------------------------------------------------------------------------------
    24.8  38.3    12    11.5     9     9.9 211.5   5.0   8.3  93.3    22      SW

Max >=  27.0 31
Max <=   0.0  0
Min <=   0.0  0
Min <= -18.0  0
Max Rain: 2.4 on day 22
Days of Rain: 4 (>= 0.2 mm)  1 (>= 2.0 mm)  0 (>= 20.0 mm)
Heat Base: 18.3  Cool Base: 18.3  Method: Integration

Powered by  Davis Vantage Pro2  and   CumulusMX  v3.8.3 (b3093)    Valid HTML5