NOAA-style Climate Reports

   V/Λ SELECT: Month and Year   OR  >   Month
V/Λ2022 > Jan Feb Mar Apr May Jun Jul Aug Sep Oct Nov Dec
V/Λ2021 > Jan Feb Mar Apr May Jun Jul Aug Sep Oct Nov Dec
V/Λ2020 > Jan Feb Mar Apr May Jun Jul Aug Sep Oct Nov Dec
                   Monthly Climatological Summary for Apr 2021

Name: Canyon Roadhouse   City: Hobas   State: Hardap
Elevation: 815 m  Lat: S 27° 31' 28"   Lon: E 017° 48' 53"

                  Temperature (°C), Rain (mm), Wind Speed (km/h)

                                      Heat  Cool        Avg
    Mean                              Deg   Deg         Wind                 Dom
Day Temp  High   Time   Low    Time   Days  Days  Rain  Speed High   Time    Dir
----------------------------------------------------------------------------------
01  25.3  33.9   17:17  16.9   06:29   0.1   7.1   0.0   5.7  30.6   18:55     S
02  26.3  34.7   14:54  16.8   06:53   0.1   8.0   0.0   6.0  27.4   17:48   SSW
03  25.6  34.1   16:18  16.3   07:03   0.2   7.5   0.0   3.8  19.3   17:03     S
04  28.1  36.9   15:47  21.1   02:28   0.0   9.7   0.0   5.0  30.6   17:32   SSW
05  25.1  32.6   16:33  17.2   07:21   0.1   6.9   0.0  11.0  32.2   15:48   SSW
06  25.4  34.2   17:08  16.8   06:30   0.1   7.2   0.0   6.5  35.4   18:44   SSW
07  26.2  34.6   15:56  16.6   07:21   0.1   8.0   0.0   4.8  27.4   14:29    SW
08  27.8  35.0   15:24  20.2   06:29   0.0   9.5   0.0   4.6  30.6   11:44   WNW
09  27.9  34.9   15:44  19.9   07:23   0.0   9.5   0.0   4.8  25.7   12:03    NW
10  27.9  35.6   15:45  19.7   04:50   0.0   9.6   0.0   6.0  37.0   13:05    NW
11  27.2  35.6   15:36  18.2   06:17   0.0   8.9   0.0   4.5  35.4   13:46    NW
12  27.7  36.3   15:09  17.4   07:08   0.0   9.4   0.0   3.5  30.6   14:14   NNW
13  29.4  36.1   16:17  22.1   06:13   0.0  11.0   0.0   4.1  43.5   15:00   NNW
14  27.8  35.4   15:32  19.9   03:54   0.0   9.4   0.0   7.3  40.2   14:18     N
15  27.3  34.4   15:57  19.6   05:55   0.0   9.0   0.0   7.1  37.0   15:24     N
16  25.9  34.0   14:30  19.4   07:45   0.0   7.5   0.2   8.0  51.5   17:22   ENE
17  25.7  33.1   16:02  20.0   04:46   0.0   7.4   0.2   7.4  64.4   18:16     N
18  25.3  32.5   16:32  18.8   05:39   0.0   7.0   0.0   6.9  33.8   16:06   NNE
19  25.1  31.6   16:22  18.9   03:38   0.0   6.8   0.0   6.4  29.0   12:24     N
20  24.3  31.4   14:59  16.2   05:55   0.1   6.1   0.0   8.2  35.4   11:27     N
21  24.2  31.1   13:49  17.8   03:59   0.0   5.9   0.0   9.7  38.6   11:55     N
22  25.1  32.2   15:54  18.1   03:14   0.0   6.8   0.0   9.9  40.2   09:35     N
23  25.5  32.5   15:40  19.3   05:40   0.0   7.2   0.0   6.1  33.8   13:22   NNW
24  25.1  32.7   15:27  15.4   06:37   0.2   7.0   0.0   7.5  33.8   12:27   NNW
25  24.3  32.0   16:22  18.6   06:30   0.0   6.0   0.0   8.1  32.2   17:31    NW
26  19.9  27.5   14:16  15.1   23:57   0.9   2.5   0.0   7.8  33.8   15:04    SW
27  18.2  27.0   17:18   8.1   07:03   2.5   2.4   0.0   4.6  22.5   15:01    SW
28  20.1  30.5   14:48  12.4   07:47   1.6   3.4   0.0   7.8  33.8   18:09    SW
29  14.0  18.2   12:15  10.7   07:24   4.2   0.0   0.0  16.6  40.2   12:34   SSW
30  14.5  23.2   15:30   5.5   07:06   4.7   0.9   0.0   5.6  25.7   16:14     S
----------------------------------------------------------------------------------
    24.7  36.9     4     5.5    30    14.9 207.6   0.4   6.8  64.4    17     WNW

Max >=  27.0 28
Max <=   0.0  0
Min <=   0.0  0
Min <= -18.0  0
Max Rain: 0.2 on day 16
Days of Rain: 2 (>= 0.2 mm)  0 (>= 2.0 mm)  0 (>= 20.0 mm)
Heat Base: 18.3  Cool Base: 18.3  Method: Integration

Powered by  Davis Vantage Pro2  and   CumulusMX  v3.8.3 (b3093)    Valid HTML5