NOAA-style Climate Reports

   V/Λ SELECT: Month and Year   OR  >   Month
V/Λ2022 > Jan Feb Mar Apr May Jun Jul Aug Sep Oct Nov Dec
V/Λ2021 > Jan Feb Mar Apr May Jun Jul Aug Sep Oct Nov Dec
V/Λ2020 > Jan Feb Mar Apr May Jun Jul Aug Sep Oct Nov Dec
                   Monthly Climatological Summary for May 2021

Name: Canyon Roadhouse   City: Hobas   State: Hardap
Elevation: 815 m  Lat: S 27° 31' 28"   Lon: E 017° 48' 53"

                  Temperature (°C), Rain (mm), Wind Speed (km/h)

                                      Heat  Cool        Avg
    Mean                              Deg   Deg         Wind                 Dom
Day Temp  High   Time   Low    Time   Days  Days  Rain  Speed High   Time    Dir
----------------------------------------------------------------------------------
01  18.0  26.4   15:34   9.3   03:59   2.6   2.3   0.0   6.7  32.2   13:50    NE
02  20.4  28.3   15:48  10.3   06:54   1.4   3.5   0.0   9.8  35.4   14:28     N
03  22.9  29.3   16:51  16.5   03:49   0.2   4.8   0.0   8.2  38.6   11:02     N
04  23.3  29.2   15:33  17.3   05:11   0.0   5.0   0.0   9.2  38.6   11:02     N
05  19.3  24.9   14:24  13.4   07:28   1.0   2.0   0.0  11.2  33.8   15:33    SW
06  16.0  24.3   15:39   7.3   07:31   3.8   1.5   0.0   4.3  20.9   16:10   SSW
07  15.9  22.9   15:31   8.7   06:53   3.5   1.1   0.0   6.6  24.1   16:03   SSW
08  15.6  22.8   16:28   7.8   07:35   3.6   0.9   0.0   6.8  29.0   16:07   SSW
09  17.6  25.9   16:48   9.3   07:35   2.6   1.8   0.0   3.7  19.3   00:02     S
10  18.6  28.1   16:08   8.5   06:27   2.5   2.8   0.0   6.0  30.6   12:37   WNW
11  20.7  30.3   16:27  12.8   05:38   1.3   3.7   0.0   6.6  32.2   12:24   NNW
12  20.1  30.7   15:32  11.0   05:01   2.2   3.9   0.0   3.3  24.1   14:22   NNW
13  20.7  30.9   16:18  11.3   06:06   2.0   4.4   0.0   5.5  29.0   14:04   NNW
14  21.5  30.3   16:07  13.1   07:45   0.9   4.2   0.0   4.4  30.6   16:31   WNW
15  19.2  27.8   15:43  11.2   06:53   2.1   2.9   0.0   9.6  43.5   13:36     W
16  14.6  20.6   15:30   7.7   07:42   4.1   0.4   0.0   4.0  19.3   13:17   SSW
17  14.9  24.7   16:35   6.0   07:12   4.6   1.3   0.0   3.1  27.4   12:16     W
18  19.2  29.7   16:19  10.1   04:25   2.4   3.4   0.0   6.0  32.2   11:12   NNW
19  21.1  29.6   15:44  15.2   02:45   0.6   3.4   0.0   7.7  29.0   13:05   NNW
20  15.8  21.3   14:19   8.6   07:48   3.0   0.5   0.0   7.9  30.6   10:26     W
21  12.8  20.3   17:12   7.1   07:44   5.6   0.2   0.0   0.9  12.9   03:54   WSW
22  15.0  23.3   15:47   7.6   05:42   4.3   1.0   0.0   6.5  32.2   16:29   WNW
23  18.2  27.6   15:30   7.8   06:17   2.9   2.8   0.0   9.8  35.4   11:33   NNW
24  21.1  30.0   16:02  13.3   07:13   1.1   3.9   0.0   8.1  35.4   10:52     N
25  19.7  28.0   16:39  12.4   03:56   1.5   2.9   0.0   6.4  25.7   17:31   NNW
26  18.0  27.2   15:58   8.9   07:38   2.9   2.6   0.0   4.2  27.4   19:49    NW
27  19.1  29.4   16:41  12.4   03:46   2.2   3.0   0.0   5.9  30.6   15:09   WNW
28  14.7  23.2   14:16   6.3   07:55   4.7   1.1   0.0   5.2  29.0   16:21     W
29  14.5  23.9   17:03   5.9   07:57   4.9   1.1   0.0   1.6  16.1   13:49   WSW
30  14.2  23.6   16:31   6.1   06:28   5.0   1.0   0.0   4.3  33.8   13:24    NW
31  12.2  16.8   15:02   6.4   06:58   6.1   0.0   0.0  11.1  33.8   11:26    SW
----------------------------------------------------------------------------------
    17.9  30.9    13     5.9    29    85.6  73.4   0.0   6.3  43.5    15     WNW

Max >=  27.0 16
Max <=   0.0  0
Min <=   0.0  0
Min <= -18.0  0
Max Rain: 0.0 on day 0
Days of Rain: 0 (>= 0.2 mm)  0 (>= 2.0 mm)  0 (>= 20.0 mm)
Heat Base: 18.3  Cool Base: 18.3  Method: Integration

Powered by  Davis Vantage Pro2  and   CumulusMX  v3.8.3 (b3093)    Valid HTML5