NOAA-style Climate Reports

   V/Λ SELECT: Month and Year   OR  >   Month
V/Λ2022 > Jan Feb Mar Apr May Jun Jul Aug Sep Oct Nov Dec
V/Λ2021 > Jan Feb Mar Apr May Jun Jul Aug Sep Oct Nov Dec
V/Λ2020 > Jan Feb Mar Apr May Jun Jul Aug Sep Oct Nov Dec
                   Monthly Climatological Summary for Sep 2021

Name: Canyon Roadhouse   City: Hobas   State: Hardap
Elevation: 815 m  Lat: S 27° 31' 28"   Lon: E 017° 48' 53"

                  Temperature (°C), Rain (mm), Wind Speed (km/h)

                                      Heat  Cool        Avg
    Mean                              Deg   Deg         Wind                 Dom
Day Temp  High   Time   Low    Time   Days  Days  Rain  Speed High   Time    Dir
----------------------------------------------------------------------------------
01  17.7  29.6   17:16   7.1   04:18   3.6   2.9   0.0   5.6  33.8   13:33    NW
02  17.5  29.4   15:42   6.9   07:01   3.7   2.9   0.0   8.4  30.6   22:02     W
03  12.6  18.7   16:28   7.2   05:57   5.7   0.0   0.0  13.1  35.4   15:10   SSW
04  14.3  25.4   17:56   3.1   05:53   5.5   1.5   0.0   7.8  32.2   12:24     W
05  12.8  20.7   14:46   4.1   07:06   5.7   0.3   0.0  13.8  33.8   15:19    SW
06  12.1  18.3   14:18   6.7   23:59   6.2   0.0   0.0  15.9  35.4   14:22   SSW
07  12.9  22.8   17:24   2.1   07:21   6.1   0.7   0.0   4.2  25.7   05:17     S
08  18.7  28.2   17:16  11.3   06:53   2.3   2.7   0.0   8.6  35.4   13:21   WSW
09  22.2  33.6   16:42  11.2   07:39   1.1   5.0   0.0  10.6  41.8   15:48   NNW
10  21.4  32.9   16:49   9.2   07:08   2.2   5.3   0.0   2.8  19.3   15:34   WNW
11  24.6  35.5   16:01  13.9   07:01   0.7   7.1   0.0  10.3  48.3   11:12   WNW
12  20.5  29.5   14:54  12.6   07:06   1.2   3.4   0.0  11.1  33.8   17:28    SW
13  15.6  23.0   16:10   9.9   06:37   3.7   1.0   0.0  15.8  33.8   16:00    SW
14  12.9  20.6   15:31   6.8   06:55   5.6   0.2   0.0  17.1  37.0   15:47   SSW
15  12.3  19.2   16:01   7.3   07:10   6.0   0.1   0.0  15.6  32.2   22:02     S
16  14.2  22.6   15:44   6.0   06:34   4.9   0.9   0.0  13.4  37.0   13:37     S
17  19.0  26.7   16:08   9.3   05:59   2.0   2.7   0.0   8.0  33.8   12:41    NE
18  21.3  30.8   15:39  12.1   06:54   1.0   4.0   0.0  12.2  54.7   13:32    NW
19  15.9  25.2   15:50   6.8   06:14   4.0   1.6   0.0   9.8  38.6   18:30   SSW
20  13.8  20.6   16:16   8.3   05:11   4.8   0.3   0.0  14.7  41.8   14:47     S
21  18.1  27.8   17:02   8.5   01:19   2.7   2.4   0.0   3.6  22.5   12:44   SSW
22  23.0  32.6   15:23  12.9   06:51   0.7   5.4   0.0   9.7  38.6   11:37   WNW
23  21.2  30.5   16:02  10.9   06:48   1.5   4.4   0.0   9.0  32.2   18:00    SW
24  20.8  30.3   16:14   9.7   05:40   2.0   4.5   0.0   6.6  20.9   11:48   SSW
25  24.2  35.6   16:30  11.9   06:43   1.3   7.2   0.0   7.2  32.2   19:52   WSW
26  25.1  36.6   17:04  13.3   06:30   0.7   7.5   0.0   5.7  32.2   14:28   WNW
27  18.6  24.4   15:22  11.8   23:58   1.6   2.0   0.0  18.0  38.6   12:14   SSW
28  17.0  25.4   16:43   9.7   06:26   3.1   1.7   0.0  15.1  32.2   17:45   SSW
29  17.0  23.8   15:55  10.2   06:52   2.7   1.4   0.0  17.3  33.8   10:11   SSW
30  18.4  27.3   15:25   9.1   06:47   2.5   2.6   0.0  11.0  35.4   20:28   SSW
----------------------------------------------------------------------------------
    17.9  36.6    26     2.1     7    94.8  81.7   0.0  10.7  54.7    18      SW

Max >=  27.0 15
Max <=   0.0  0
Min <=   0.0  0
Min <= -18.0  0
Max Rain: 0.0 on day 0
Days of Rain: 0 (>= 0.2 mm)  0 (>= 2.0 mm)  0 (>= 20.0 mm)
Heat Base: 18.3  Cool Base: 18.3  Method: Integration

Powered by  Davis Vantage Pro2  and   CumulusMX  v3.8.3 (b3093)    Valid HTML5