V/Λ SELECT: Month and Year
OR > Month
Monthly Climatological Summary for Jul 2023
Name: Canyon Roadhouse City: Hobas State: Hardap
Elevation: 815 m Lat: S 27° 31' 28" Lon: E 017° 48' 53"
Temperature (°C), Rain (mm), Wind Speed (km/h)
Heat Cool Avg
Mean Deg Deg Wind Dom
Day Temp High Time Low Time Days Days Rain Speed High Time Dir
----------------------------------------------------------------------------------
01 14.5 23.7 16:11 6.1 07:48 4.8 1.0 0.0 9.7 35.4 12:56 NNE
02 15.1 24.8 16:19 5.3 07:01 4.5 1.3 0.0 6.9 30.6 13:19 NNE
03 16.5 25.3 16:01 6.7 06:21 3.4 1.6 0.0 6.3 29.0 11:23 NNE
04 16.3 27.1 16:52 7.7 05:47 3.9 1.9 0.0 4.1 20.9 11:20 N
05 14.8 26.1 15:59 5.1 06:05 5.1 1.6 0.0 5.2 20.9 14:50 NNE
06 18.0 27.3 16:10 9.6 07:49 2.5 2.2 0.0 8.9 29.0 12:22 NNE
07 18.9 28.5 15:24 8.1 06:56 2.3 2.9 0.0 9.3 40.2 16:30 NW
08 10.9 13.9 14:53 7.7 23:32 7.4 0.0 0.0 15.3 37.0 15:59 S
09 8.0 12.6 15:25 4.5 23:40 10.3 0.0 0.0 10.9 40.2 16:11 SSE
10 9.5 16.4 16:11 3.5 07:17 8.7 0.0 0.0 6.2 25.7 12:26 ENE
11 11.2 19.0 15:36 2.9 08:22 7.1 0.0 0.0 8.6 37.0 13:54 NNE
12 13.9 21.1 15:51 6.4 07:41 4.8 0.4 0.0 10.8 48.3 13:59 N
13 14.3 20.6 15:21 7.6 07:27 4.4 0.4 0.0 10.7 45.1 12:30 NNE
14 16.0 21.9 16:05 8.9 07:06 3.0 0.7 0.0 8.6 38.6 13:13 N
15 14.5 22.3 15:34 7.2 07:07 4.5 0.7 0.0 5.1 25.7 17:34 SSW
16 14.3 23.6 16:38 5.1 06:46 4.9 0.9 0.0 2.7 17.7 09:34 N
17 17.7 28.2 16:36 8.9 07:51 3.1 2.5 0.0 7.5 33.8 13:28 NNE
18 17.3 25.8 14:26 10.3 05:59 2.8 1.8 0.0 9.6 33.8 15:58 S
19 12.4 17.6 16:21 9.3 06:59 5.9 0.0 0.0 12.8 35.4 02:59 SSE
20 11.6 17.1 17:20 6.9 07:51 6.7 0.0 0.0 3.3 25.7 00:07 ESE
21 12.4 22.5 16:59 4.3 07:36 6.5 0.6 0.0 4.5 30.6 12:47 N
22 13.7 26.3 16:10 4.7 03:55 5.9 1.4 0.0 6.0 25.7 11:19 N
23 11.1 21.2 14:40 1.3 07:51 7.6 0.4 0.0 5.6 25.7 16:52 SSW
24 11.5 19.9 16:54 3.7 06:57 6.9 0.2 0.0 5.2 27.4 14:04 N
25 16.5 24.8 16:31 7.8 05:41 3.5 1.6 0.0 11.0 35.4 23:49 NNE
26 12.9 20.6 00:58 6.4 23:47 5.5 0.1 0.0 10.6 40.2 00:12 SSW
27 11.7 22.3 17:33 2.6 04:55 7.2 0.5 0.0 7.1 32.2 12:48 NNE
28 11.9 21.2 14:33 5.1 07:55 6.6 0.2 0.0 8.0 32.2 15:48 SSW
29 8.4 11.3 14:20 6.0 22:47 9.9 0.0 3.2 12.3 38.6 15:06 SSW
30 7.3 12.6 16:15 2.4 08:01 11.0 0.0 0.6 6.3 22.5 13:51 S
31 8.6 16.9 16:09 1.4 07:21 9.7 0.0 0.0 5.2 24.1 09:33 NNE
----------------------------------------------------------------------------------
13.3 28.5 7 1.3 23 180.4 24.9 3.8 7.9 48.3 12 NNE
Max >= 27.0 4
Max <= 0.0 0
Min <= 0.0 0
Min <= -18.0 0
Max Rain: 3.2 on day 29
Days of Rain: 2 (>= 0.2 mm) 1 (>= 2.0 mm) 0 (>= 20.0 mm)
Heat Base: 18.3 Cool Base: 18.3 Method: Integration